CRAN Package Check Results for Package autocart

Last updated on 2022-01-26 08:51:10 CET.

Flavor Version Tinstall Tcheck Ttotal Status Flags
r-devel-linux-x86_64-debian-clang 1.4.5 94.24 311.38 405.62 NOTE
r-devel-linux-x86_64-debian-gcc 1.4.5 67.25 233.61 300.86 NOTE
r-devel-linux-x86_64-fedora-clang 1.4.5 552.37 NOTE
r-devel-linux-x86_64-fedora-gcc 1.4.5 870.67 NOTE
r-devel-windows-x86_64-new-UL 1.4.5 88.00 216.00 304.00 NOTE
r-devel-windows-x86_64-new-TK 1.4.5 NOTE
r-patched-linux-x86_64 1.4.5 86.50 324.14 410.64 NOTE
r-release-linux-x86_64 1.4.5 81.99 220.66 302.65 NOTE
r-release-macos-arm64 1.4.5 FAIL
r-release-macos-x86_64 1.4.5 WARN
r-release-windows-ix86+x86_64 1.4.5 224.00 253.00 477.00 NOTE
r-oldrel-macos-x86_64 1.4.5 WARN
r-oldrel-windows-ix86+x86_64 1.4.5 224.00 254.00 478.00 NOTE

Check Details

Version: 1.4.5
Check: for GNU extensions in Makefiles
Result: NOTE
    GNU make is a SystemRequirements.
Flavors: r-devel-linux-x86_64-debian-clang, r-devel-linux-x86_64-debian-gcc, r-devel-linux-x86_64-fedora-clang, r-devel-linux-x86_64-fedora-gcc, r-devel-windows-x86_64-new-UL, r-devel-windows-x86_64-new-TK, r-patched-linux-x86_64, r-release-linux-x86_64, r-release-macos-arm64, r-release-macos-x86_64, r-release-windows-ix86+x86_64, r-oldrel-macos-x86_64, r-oldrel-windows-ix86+x86_64

Version: 1.4.5
Check: installed package size
Result: NOTE
     installed size is 5.1Mb
     sub-directories of 1Mb or more:
     libs 4.9Mb
Flavor: r-release-macos-arm64

Version: 1.4.5
Check: re-building of vignette outputs
Result: FAIL
Flavor: r-release-macos-arm64

Version: 1.4.5
Check: re-building of vignette outputs
Result: WARN
    Error(s) in re-building vignettes:
    --- re-building ‘autocart-intro.Rmd’ using rmarkdown
    Warning in engine$weave(file, quiet = quiet, encoding = enc) :
     Pandoc (>= 1.12.3) not available. Falling back to R Markdown v1.
    Loading required package: fields
    Loading required package: spam
    Loading required package: dotCall64
    Loading required package: grid
    Spam version 2.6-0 (2020-12-14) is loaded.
    Type 'help( Spam)' or 'demo( spam)' for a short introduction
    and overview of this package.
    Help for individual functions is also obtained by adding the
    suffix '.spam' to the function name, e.g. 'help( chol.spam)'.
    
    Attaching package: 'spam'
    
    The following objects are masked from 'package:base':
    
     backsolve, forwardsolve
    
    Loading required package: viridis
    Loading required package: viridisLite
    See https://github.com/NCAR/Fields for
     an extensive vignette, other supplements and source code
    Loading required package: mgcv
    Loading required package: nlme
    This is mgcv 1.8-35. For overview type 'help("mgcv-package")'.
Flavors: r-release-macos-x86_64, r-oldrel-macos-x86_64