Last updated on 2023-09-27 01:05:23 CEST.
Flavor | Version | Tinstall | Tcheck | Ttotal | Status | Flags |
---|---|---|---|---|---|---|
r-devel-linux-x86_64-debian-clang | 0.1.4 | 6.04 | 59.59 | 65.63 | OK | |
r-devel-linux-x86_64-debian-gcc | 0.1.4 | 4.37 | 44.54 | 48.91 | OK | |
r-devel-linux-x86_64-fedora-clang | 0.1.4 | 78.24 | NOTE | |||
r-devel-linux-x86_64-fedora-gcc | 0.1.4 | 81.38 | NOTE | |||
r-devel-windows-x86_64 | 0.1.4 | 7.00 | 66.00 | 73.00 | OK | |
r-patched-linux-x86_64 | 0.1.4 | 4.24 | 55.86 | 60.10 | OK | |
r-release-linux-x86_64 | 0.1.4 | 3.64 | 57.43 | 61.07 | OK | |
r-release-macos-arm64 | 0.1.4 | 27.00 | OK | |||
r-release-macos-x86_64 | 0.1.4 | 42.00 | OK | |||
r-release-windows-x86_64 | 0.1.4 | 9.00 | 69.00 | 78.00 | OK | |
r-oldrel-macos-arm64 | 0.1.4 | 27.00 | NOTE | |||
r-oldrel-macos-x86_64 | 0.1.4 | 54.00 | NOTE | |||
r-oldrel-windows-x86_64 | 0.1.4 | 9.00 | 75.00 | 84.00 | OK |
Version: 0.1.4
Check: dependencies in R code
Result: NOTE
Namespaces in Imports field not imported from:
‘MASS’ ‘broom’ ‘diptest’ ‘ggplot2’ ‘hexbin’ ‘moments’
All declared Imports should be used.
Flavors: r-devel-linux-x86_64-fedora-clang, r-devel-linux-x86_64-fedora-gcc, r-oldrel-macos-arm64, r-oldrel-macos-x86_64