Last updated on 2023-05-30 16:59:59 CEST.
Flavor | Version | Tinstall | Tcheck | Ttotal | Status | Flags |
---|---|---|---|---|---|---|
r-devel-linux-x86_64-debian-clang | 0.4.0 | 5.09 | 103.36 | 108.45 | OK | |
r-devel-linux-x86_64-debian-gcc | 0.4.0 | 3.68 | 71.42 | 75.10 | OK | |
r-devel-linux-x86_64-fedora-clang | 0.4.0 | 124.92 | NOTE | |||
r-devel-linux-x86_64-fedora-gcc | 0.4.0 | 142.15 | OK | |||
r-devel-windows-x86_64 | 0.4.0 | 7.00 | 95.00 | 102.00 | OK | |
r-patched-linux-x86_64 | 0.4.0 | 5.63 | 88.74 | 94.37 | OK | |
r-release-linux-x86_64 | 0.4.0 | 4.69 | 89.56 | 94.25 | OK | |
r-release-macos-arm64 | 0.4.0 | 49.00 | OK | |||
r-release-macos-x86_64 | 0.4.0 | 74.00 | OK | |||
r-release-windows-x86_64 | 0.4.0 | 8.00 | 113.00 | 121.00 | OK | |
r-oldrel-macos-arm64 | 0.4.0 | 48.00 | OK | |||
r-oldrel-macos-x86_64 | 0.4.0 | 55.00 | OK | |||
r-oldrel-windows-x86_64 | 0.4.0 | 9.00 | 114.00 | 123.00 | OK |
Version: 0.4.0
Check: package dependencies
Result: NOTE
Imports includes 31 non-default packages.
Importing from so many packages makes the package vulnerable to any of
them becoming unavailable. Move as many as possible to Suggests and
use conditionally.
Flavor: r-devel-linux-x86_64-fedora-clang