CRAN Package Check Results for Package av

Last updated on 2021-10-17 01:50:56 CEST.

Flavor Version Tinstall Tcheck Ttotal Status Flags
r-devel-linux-x86_64-debian-clang 0.6.0 5.65 69.40 75.05 OK
r-devel-linux-x86_64-debian-gcc 0.6.0 3.73 52.73 56.46 OK
r-devel-linux-x86_64-fedora-clang 0.6.0 98.32 OK
r-devel-linux-x86_64-fedora-gcc 0.6.0 86.24 OK
r-devel-windows-x86_64 0.6.0 26.00 134.00 160.00 NOTE
r-devel-windows-x86_64-gcc10-UCRT 0.6.0 OK
r-patched-linux-x86_64 0.6.0 4.89 67.35 72.24 OK
r-release-linux-x86_64 0.6.0 4.65 67.59 72.24 OK
r-release-macos-arm64 0.6.0 NOTE
r-release-macos-x86_64 0.6.0 NOTE
r-release-windows-ix86+x86_64 0.6.0 36.00 318.00 354.00 NOTE
r-oldrel-macos-x86_64 0.6.0 NOTE
r-oldrel-windows-ix86+x86_64 0.6.0 47.00 311.00 358.00 NOTE

Additional issues

rchk

Check Details

Version: 0.6.0
Check: installed package size
Result: NOTE
     installed size is 28.9Mb
     sub-directories of 1Mb or more:
     libs 28.1Mb
Flavors: r-devel-windows-x86_64, r-release-macos-arm64, r-release-macos-x86_64, r-release-windows-ix86+x86_64, r-oldrel-macos-x86_64, r-oldrel-windows-ix86+x86_64