CRAN Package Check Results for Package aws.alexa

Last updated on 2024-03-03 08:52:27 CET.

Flavor Version Tinstall Tcheck Ttotal Status Flags
r-devel-linux-x86_64-debian-clang 0.1.8 4.54 47.68 52.22 NOTE
r-devel-linux-x86_64-debian-gcc 0.1.8 4.23 36.18 40.41 NOTE
r-devel-linux-x86_64-fedora-clang 0.1.8 65.23 NOTE
r-devel-linux-x86_64-fedora-gcc 0.1.8 75.03 NOTE
r-devel-windows-x86_64 0.1.8 9.00 76.00 85.00 NOTE
r-patched-linux-x86_64 0.1.8 5.10 46.05 51.15 NOTE
r-release-linux-x86_64 0.1.8 4.98 45.51 50.49 NOTE
r-release-macos-arm64 0.1.8 30.00 NOTE
r-release-macos-x86_64 0.1.8 48.00 NOTE
r-release-windows-x86_64 0.1.8 9.00 91.00 100.00 NOTE
r-oldrel-macos-arm64 0.1.8 27.00 NOTE
r-oldrel-windows-x86_64 0.1.8 9.00 91.00 100.00 NOTE

Check Details

Version: 0.1.8
Check: LazyData
Result: NOTE 'LazyData' is specified without a 'data' directory Flavors: r-devel-linux-x86_64-debian-clang, r-devel-linux-x86_64-debian-gcc, r-devel-linux-x86_64-fedora-clang, r-devel-linux-x86_64-fedora-gcc, r-devel-windows-x86_64, r-patched-linux-x86_64, r-release-linux-x86_64, r-release-macos-arm64, r-release-macos-x86_64, r-release-windows-x86_64, r-oldrel-macos-arm64, r-oldrel-windows-x86_64