CRAN Package Check Results for Package aws.lambda

Last updated on 2023-09-23 01:54:06 CEST.

Flavor Version Tinstall Tcheck Ttotal Status Flags
r-devel-linux-x86_64-debian-clang 0.2.0 2.29 27.27 29.56 NOTE
r-devel-linux-x86_64-debian-gcc 0.2.0 2.17 21.18 23.35 NOTE
r-devel-linux-x86_64-fedora-clang 0.2.0 37.24 NOTE
r-devel-linux-x86_64-fedora-gcc 0.2.0 37.35 NOTE
r-devel-windows-x86_64 0.2.0 6.00 61.00 67.00 NOTE
r-patched-linux-x86_64 0.2.0 3.22 26.08 29.30 NOTE
r-release-linux-x86_64 0.2.0 2.85 26.82 29.67 NOTE
r-release-macos-arm64 0.2.0 22.00 NOTE
r-release-macos-x86_64 0.2.0 24.00 NOTE
r-release-windows-x86_64 0.2.0 6.00 59.00 65.00 NOTE
r-oldrel-macos-arm64 0.2.0 22.00 NOTE
r-oldrel-macos-x86_64 0.2.0 26.00 NOTE
r-oldrel-windows-x86_64 0.2.0 7.00 67.00 74.00 NOTE

Check Details

Version: 0.2.0
Check: LazyData
Result: NOTE
     'LazyData' is specified without a 'data' directory
Flavors: r-devel-linux-x86_64-debian-clang, r-devel-linux-x86_64-debian-gcc, r-devel-linux-x86_64-fedora-clang, r-devel-linux-x86_64-fedora-gcc, r-devel-windows-x86_64, r-patched-linux-x86_64, r-release-linux-x86_64, r-release-macos-arm64, r-release-macos-x86_64, r-release-windows-x86_64, r-oldrel-macos-arm64, r-oldrel-macos-x86_64, r-oldrel-windows-x86_64