CRAN Package Check Results for Package bRacatus

Last updated on 2021-10-27 13:07:53 CEST.

Flavor Version Tinstall Tcheck Ttotal Status Flags
r-devel-linux-x86_64-debian-clang 1.0.5 35.72 338.11 373.83 OK
r-devel-linux-x86_64-debian-gcc 1.0.5 29.03 252.07 281.10 OK
r-devel-linux-x86_64-fedora-clang 1.0.5 445.72 NOTE
r-devel-linux-x86_64-fedora-gcc 1.0.5 441.67 NOTE
r-devel-windows-x86_64 1.0.5 58.00 447.00 505.00 OK
r-devel-windows-x86_64-gcc10-UCRT 1.0.5 NOTE
r-patched-linux-x86_64 1.0.5 28.79 322.58 351.37 OK
r-patched-solaris-x86 1.0.5 457.50 ERROR
r-release-linux-x86_64 1.0.5 24.08 323.48 347.56 OK
r-release-macos-arm64 1.0.5 NOTE
r-release-macos-x86_64 1.0.5 NOTE
r-release-windows-ix86+x86_64 1.0.4 59.00 410.00 469.00 OK
r-oldrel-macos-x86_64 1.0.5 NOTE
r-oldrel-windows-ix86+x86_64 1.0.5 67.00 324.00 391.00 OK

Check Details

Version: 1.0.5
Check: data for non-ASCII characters
Result: NOTE
     Note: found 2469 marked UTF-8 strings
Flavors: r-devel-linux-x86_64-fedora-clang, r-devel-linux-x86_64-fedora-gcc, r-devel-windows-x86_64-gcc10-UCRT, r-patched-solaris-x86, r-release-macos-arm64, r-release-macos-x86_64, r-oldrel-macos-x86_64

Version: 1.0.5
Check: examples
Result: ERROR
    Running examples in ‘bRacatus-Ex.R’ failed
    The error most likely occurred in:
    
    > ### Name: giftRegions
    > ### Title: giftRegions
    > ### Aliases: giftRegions
    >
    > ### ** Examples
    >
    > gift_reference_regions <- giftRegions("Boreava aptera")
    Error in giftRegions("Boreava aptera") :
     GIFT database not accessible due to connection issues.
    Execution halted
Flavor: r-patched-solaris-x86