Last updated on 2023-03-23 07:54:22 CET.
Flavor | Version | Tinstall | Tcheck | Ttotal | Status | Flags |
---|---|---|---|---|---|---|
r-devel-linux-x86_64-debian-clang | 2.1 | 170.03 | 86.82 | 256.85 | OK | |
r-devel-linux-x86_64-debian-gcc | 2.1 | 146.12 | 72.10 | 218.22 | OK | |
r-devel-linux-x86_64-fedora-clang | 2.1 | 331.33 | NOTE | |||
r-devel-linux-x86_64-fedora-gcc | 2.1 | 352.17 | NOTE | |||
r-devel-windows-x86_64 | 2.1 | 131.00 | 141.00 | 272.00 | OK | |
r-patched-linux-x86_64 | 2.1 | 146.03 | 87.00 | 233.03 | OK | |
r-release-linux-x86_64 | 2.1 | 145.61 | 87.62 | 233.23 | OK | |
r-release-macos-arm64 | 2.1 | 88.00 | NOTE | |||
r-release-macos-x86_64 | 2.1 | 115.00 | NOTE | |||
r-release-windows-x86_64 | 2.1 | 107.00 | 153.00 | 260.00 | OK | |
r-oldrel-macos-arm64 | 2.1 | 76.00 | NOTE | |||
r-oldrel-macos-x86_64 | 2.1 | 110.00 | NOTE | |||
r-oldrel-windows-ix86+x86_64 | 2.1 | 342.00 | 158.00 | 500.00 | OK |
Version: 2.1
Check: dependencies in R code
Result: NOTE
Namespace in Imports field not imported from: ‘RcppEigen’
All declared Imports should be used.
Flavors: r-devel-linux-x86_64-fedora-clang, r-devel-linux-x86_64-fedora-gcc, r-release-macos-arm64, r-release-macos-x86_64, r-oldrel-macos-arm64, r-oldrel-macos-x86_64
Version: 2.1
Check: installed package size
Result: NOTE
installed size is 48.6Mb
sub-directories of 1Mb or more:
libs 48.1Mb
Flavors: r-release-macos-arm64, r-release-macos-x86_64, r-oldrel-macos-arm64, r-oldrel-macos-x86_64