CRAN Package Check Results for Package bacistool

Last updated on 2024-04-24 00:55:36 CEST.

Flavor Version Tinstall Tcheck Ttotal Status Flags
r-devel-linux-x86_64-debian-clang 1.0.0 2.35 32.08 34.43 NOTE
r-devel-linux-x86_64-debian-gcc 1.0.0 2.01 24.45 26.46 NOTE
r-devel-linux-x86_64-fedora-clang 1.0.0 43.85 NOTE
r-devel-linux-x86_64-fedora-gcc 1.0.0 41.75 NOTE
r-prerel-macos-arm64 1.0.0 19.00 NOTE
r-prerel-windows-x86_64 1.0.0 4.00 49.00 53.00 NOTE
r-patched-linux-x86_64 1.0.0 2.45 31.39 33.84 NOTE
r-release-linux-x86_64 1.0.0 1.96 31.62 33.58 NOTE
r-release-macos-arm64 1.0.0 19.00 NOTE
r-release-macos-x86_64 1.0.0 26.00 NOTE
r-release-windows-x86_64 1.0.0 4.00 48.00 52.00 NOTE
r-oldrel-macos-arm64 1.0.0 21.00 NOTE
r-oldrel-windows-x86_64 1.0.0 4.00 53.00 57.00 NOTE

Check Details

Version: 1.0.0
Check: LazyData
Result: NOTE 'LazyData' is specified without a 'data' directory Flavors: r-devel-linux-x86_64-debian-clang, r-devel-linux-x86_64-debian-gcc, r-devel-linux-x86_64-fedora-clang, r-devel-linux-x86_64-fedora-gcc, r-prerel-macos-arm64, r-prerel-windows-x86_64, r-patched-linux-x86_64, r-release-linux-x86_64, r-release-macos-arm64, r-release-macos-x86_64, r-release-windows-x86_64, r-oldrel-macos-arm64, r-oldrel-windows-x86_64