CRAN Package Check Results for Package backShift

Last updated on 2022-12-02 19:49:33 CET.

Flavor Version Tinstall Tcheck Ttotal Status Flags
r-devel-linux-x86_64-debian-clang 0.1.4.3 8.64 157.63 166.27 OK
r-devel-linux-x86_64-debian-gcc 0.1.4.3 7.21 111.36 118.57 OK
r-devel-linux-x86_64-fedora-clang 0.1.4.3 219.62 NOTE
r-devel-linux-x86_64-fedora-gcc 0.1.4.3 235.70 OK
r-devel-windows-x86_64 0.1.4.3 24.00 184.00 208.00 OK
r-patched-linux-x86_64 0.1.4.3 7.01 142.56 149.57 OK
r-release-linux-x86_64 0.1.4.3 7.66 141.07 148.73 OK
r-release-macos-arm64 0.1.4.3 69.00 NOTE
r-release-macos-x86_64 0.1.4.3 76.00 OK
r-release-windows-x86_64 0.1.4.3 36.00 206.00 242.00 OK
r-oldrel-macos-arm64 0.1.4.3 82.00 NOTE
r-oldrel-macos-x86_64 0.1.4.3 116.00 OK
r-oldrel-windows-ix86+x86_64 0.1.4.3 25.00 265.00 290.00 OK

Check Details

Version: 0.1.4.3
Check: Rd cross-references
Result: NOTE
    Undeclared packages ‘InvariantCausalPrediction’, ‘CompareCausalNetworks’ in Rd xrefs
Flavor: r-devel-linux-x86_64-fedora-clang

Version: 0.1.4.3
Check: package dependencies
Result: NOTE
    Package suggested but not available for checking: ‘pcalg’
Flavors: r-release-macos-arm64, r-oldrel-macos-arm64

Version: 0.1.4.3
Check: Rd cross-references
Result: NOTE
    Package unavailable to check Rd xrefs: ‘pcalg’
Flavors: r-release-macos-arm64, r-oldrel-macos-arm64