CRAN Package Check Results for Package backports

Last updated on 2021-10-23 05:02:27 CEST.

Flavor Version Tinstall Tcheck Ttotal Status Flags
r-devel-linux-x86_64-debian-clang 1.2.1 3.45 32.95 36.40 ERROR
r-devel-linux-x86_64-debian-gcc 1.2.1 2.43 26.31 28.74 ERROR
r-devel-linux-x86_64-fedora-clang 1.2.1 55.55 ERROR
r-devel-linux-x86_64-fedora-gcc 1.2.1 44.68 ERROR
r-devel-windows-x86_64 1.2.1 9.00 52.00 61.00 ERROR
r-devel-windows-x86_64-gcc10-UCRT 1.2.1 ERROR
r-patched-linux-x86_64 1.2.1 3.08 32.50 35.58 OK
r-patched-solaris-x86 1.2.1 68.80 OK
r-release-linux-x86_64 1.2.1 2.97 32.74 35.71 OK
r-release-macos-arm64 1.2.1 OK
r-release-macos-x86_64 1.2.1 OK
r-release-windows-ix86+x86_64 1.2.1 11.00 72.00 83.00 OK
r-oldrel-macos-x86_64 1.2.1 OK
r-oldrel-windows-ix86+x86_64 1.2.1 8.00 53.00 61.00 OK

Additional issues

M1mac

Check Details

Version: 1.2.1
Check: tests
Result: ERROR
     Running 'test_R_user_dir.R' [0s/0s]
     Running 'test_URLencode.R' [0s/1s]
     Running 'test_anyNA.R' [0s/1s]
     Running 'test_asplit.R' [0s/0s]
     Running 'test_capture.output.R' [0s/0s]
     Running 'test_dQuote.R' [0s/1s]
     Running 'test_deparse1.R' [0s/0s]
     Running 'test_dir.exists.R' [0s/0s]
     Running 'test_dotsElt.R' [0s/1s]
     Running 'test_dotsLength.R' [0s/1s]
     Running 'test_file.info.R' [0s/1s]
     Running 'test_file.mode.R' [0s/0s]
     Running 'test_file.mtime.R' [0s/1s]
     Running 'test_file.size.R' [0s/1s]
     Running 'test_get0.R' [0s/1s]
     Running 'test_hasName.R' [0s/1s]
     Running 'test_isFALSE.R' [0s/1s]
     Running 'test_isNamespaceLoaded.R' [0s/1s]
     Running 'test_isTRUE.R' [0s/1s]
     Running 'test_lengths.R' [0s/1s]
     Running 'test_list2DF.R' [0s/1s]
     Running 'test_removeSource.R' [0s/0s]
     Running 'test_startsWith.R' [0s/1s]
     Running 'test_str2expression.R' [0s/1s]
     Running 'test_str2lang.R' [0s/1s]
     Running 'test_strrep.R' [0s/0s]
     Running 'test_suppressWarnings.R' [0s/1s]
     Running 'test_trimws.R' [0s/1s]
     Running 'test_valid.factor.R' [0s/1s]
     Running 'test_warningCondition.R' [0s/1s]
    Running the tests in 'tests/test_list2DF.R' failed.
    Complete output:
     > source("helper/helper.R")
     >
     > if (exists("list2DF", envir = baseenv())) {
     + f = get("list2DF", envir = baseenv())
     + expect_same = makeCompareFun(f, backports:::list2DF)
     +
     + x <- list(character(), "A", c("B", "C"))
     + n <- lengths(x)
     + expect_same(list(x = x, n = n))
     +
     + ## Create data frames with no variables and the desired number of rows:
     + expect_same()
     + expect_same(nrow = 3L)
     + }
     Error in expect_identical(r1, r2) : identical(x, y) is not TRUE
     Calls: expect_same -> expect_identical -> stopifnot
     Execution halted
Flavor: r-devel-linux-x86_64-debian-clang

Version: 1.2.1
Check: tests
Result: ERROR
     Running ‘test_R_user_dir.R’ [0s/1s]
     Running ‘test_URLencode.R’ [0s/1s]
     Running ‘test_anyNA.R’ [0s/1s]
     Running ‘test_asplit.R’ [0s/1s]
     Running ‘test_capture.output.R’ [0s/1s]
     Running ‘test_dQuote.R’ [0s/1s]
     Running ‘test_deparse1.R’ [0s/1s]
     Running ‘test_dir.exists.R’ [0s/1s]
     Running ‘test_dotsElt.R’ [0s/1s]
     Running ‘test_dotsLength.R’ [0s/1s]
     Running ‘test_file.info.R’ [0s/1s]
     Running ‘test_file.mode.R’ [0s/1s]
     Running ‘test_file.mtime.R’ [0s/1s]
     Running ‘test_file.size.R’ [0s/1s]
     Running ‘test_get0.R’ [0s/1s]
     Running ‘test_hasName.R’ [0s/1s]
     Running ‘test_isFALSE.R’ [0s/1s]
     Running ‘test_isNamespaceLoaded.R’ [0s/1s]
     Running ‘test_isTRUE.R’ [0s/1s]
     Running ‘test_lengths.R’ [0s/1s]
     Running ‘test_list2DF.R’ [0s/1s]
     Running ‘test_removeSource.R’ [0s/1s]
     Running ‘test_startsWith.R’ [0s/1s]
     Running ‘test_str2expression.R’ [0s/1s]
     Running ‘test_str2lang.R’ [0s/1s]
     Running ‘test_strrep.R’ [0s/1s]
     Running ‘test_suppressWarnings.R’ [0s/1s]
     Running ‘test_trimws.R’ [0s/1s]
     Running ‘test_valid.factor.R’ [0s/1s]
     Running ‘test_warningCondition.R’ [0s/1s]
    Running the tests in ‘tests/test_list2DF.R’ failed.
    Complete output:
     > source("helper/helper.R")
     >
     > if (exists("list2DF", envir = baseenv())) {
     + f = get("list2DF", envir = baseenv())
     + expect_same = makeCompareFun(f, backports:::list2DF)
     +
     + x <- list(character(), "A", c("B", "C"))
     + n <- lengths(x)
     + expect_same(list(x = x, n = n))
     +
     + ## Create data frames with no variables and the desired number of rows:
     + expect_same()
     + expect_same(nrow = 3L)
     + }
     Error in expect_identical(r1, r2) : identical(x, y) is not TRUE
     Calls: expect_same -> expect_identical -> stopifnot
     Execution halted
Flavor: r-devel-linux-x86_64-debian-gcc

Version: 1.2.1
Check: tests
Result: ERROR
     Running ‘test_R_user_dir.R’
     Running ‘test_URLencode.R’
     Running ‘test_anyNA.R’
     Running ‘test_asplit.R’
     Running ‘test_capture.output.R’
     Running ‘test_dQuote.R’
     Running ‘test_deparse1.R’
     Running ‘test_dir.exists.R’
     Running ‘test_dotsElt.R’
     Running ‘test_dotsLength.R’
     Running ‘test_file.info.R’
     Running ‘test_file.mode.R’
     Running ‘test_file.mtime.R’
     Running ‘test_file.size.R’
     Running ‘test_get0.R’
     Running ‘test_hasName.R’
     Running ‘test_isFALSE.R’
     Running ‘test_isNamespaceLoaded.R’
     Running ‘test_isTRUE.R’
     Running ‘test_lengths.R’
     Running ‘test_list2DF.R’
     Running ‘test_removeSource.R’
     Running ‘test_startsWith.R’
     Running ‘test_str2expression.R’
     Running ‘test_str2lang.R’
     Running ‘test_strrep.R’
     Running ‘test_suppressWarnings.R’
     Running ‘test_trimws.R’
     Running ‘test_valid.factor.R’
     Running ‘test_warningCondition.R’
    Running the tests in ‘tests/test_list2DF.R’ failed.
    Complete output:
     > source("helper/helper.R")
     >
     > if (exists("list2DF", envir = baseenv())) {
     + f = get("list2DF", envir = baseenv())
     + expect_same = makeCompareFun(f, backports:::list2DF)
     +
     + x <- list(character(), "A", c("B", "C"))
     + n <- lengths(x)
     + expect_same(list(x = x, n = n))
     +
     + ## Create data frames with no variables and the desired number of rows:
     + expect_same()
     + expect_same(nrow = 3L)
     + }
     Error in expect_identical(r1, r2) : identical(x, y) is not TRUE
     Calls: expect_same -> expect_identical -> stopifnot
     Execution halted
Flavors: r-devel-linux-x86_64-fedora-clang, r-devel-linux-x86_64-fedora-gcc

Version: 1.2.1
Check: tests
Result: ERROR
     Running 'test_R_user_dir.R' [0s]
     Running 'test_URLencode.R' [0s]
     Running 'test_anyNA.R' [0s]
     Running 'test_asplit.R' [0s]
     Running 'test_capture.output.R' [0s]
     Running 'test_dQuote.R' [0s]
     Running 'test_deparse1.R' [0s]
     Running 'test_dir.exists.R' [0s]
     Running 'test_dotsElt.R' [0s]
     Running 'test_dotsLength.R' [0s]
     Running 'test_file.info.R' [0s]
     Running 'test_file.mode.R' [1s]
     Running 'test_file.mtime.R' [1s]
     Running 'test_file.size.R' [0s]
     Running 'test_get0.R' [1s]
     Running 'test_hasName.R' [1s]
     Running 'test_isFALSE.R' [0s]
     Running 'test_isNamespaceLoaded.R' [0s]
     Running 'test_isTRUE.R' [0s]
     Running 'test_lengths.R' [0s]
     Running 'test_list2DF.R' [0s]
     Running 'test_removeSource.R' [0s]
     Running 'test_startsWith.R' [0s]
     Running 'test_str2expression.R' [0s]
     Running 'test_str2lang.R' [0s]
     Running 'test_strrep.R' [0s]
     Running 'test_suppressWarnings.R' [0s]
     Running 'test_trimws.R' [0s]
     Running 'test_valid.factor.R' [0s]
     Running 'test_warningCondition.R' [0s]
    Running the tests in 'tests/test_list2DF.R' failed.
    Complete output:
     > source("helper/helper.R")
     >
     > if (exists("list2DF", envir = baseenv())) {
     + f = get("list2DF", envir = baseenv())
     + expect_same = makeCompareFun(f, backports:::list2DF)
     +
     + x <- list(character(), "A", c("B", "C"))
     + n <- lengths(x)
     + expect_same(list(x = x, n = n))
     +
     + ## Create data frames with no variables and the desired number of rows:
     + expect_same()
     + expect_same(nrow = 3L)
     + }
     Error in expect_identical(r1, r2) : identical(x, y) is not TRUE
     Calls: expect_same -> expect_identical -> stopifnot
     Execution halted
Flavor: r-devel-windows-x86_64

Version: 1.2.1
Check: tests
Result: ERROR
     Running 'test_R_user_dir.R'
     Running 'test_URLencode.R'
     Running 'test_anyNA.R'
     Running 'test_asplit.R'
     Running 'test_capture.output.R'
     Running 'test_dQuote.R'
     Running 'test_deparse1.R'
     Running 'test_dir.exists.R'
     Running 'test_dotsElt.R'
     Running 'test_dotsLength.R'
     Running 'test_file.info.R'
     Running 'test_file.mode.R'
     Running 'test_file.mtime.R'
     Running 'test_file.size.R'
     Running 'test_get0.R'
     Running 'test_hasName.R'
     Running 'test_isFALSE.R'
     Running 'test_isNamespaceLoaded.R'
     Running 'test_isTRUE.R'
     Running 'test_lengths.R'
     Running 'test_list2DF.R'
    Running the tests in 'tests/test_list2DF.R' failed.
    Complete output:
     > source("helper/helper.R")
     >
     > if (exists("list2DF", envir = baseenv())) {
     + f = get("list2DF", envir = baseenv())
     + expect_same = makeCompareFun(f, backports:::list2DF)
     +
     + x <- list(character(), "A", c("B", "C"))
     + n <- lengths(x)
     + expect_same(list(x = x, n = n))
     +
     + ## Create data frames with no variables and the desired number of rows:
     + expect_same()
     + expect_same(nrow = 3L)
     + }
     Error in expect_identical(r1, r2) : identical(x, y) is not TRUE
     Calls: expect_same -> expect_identical -> stopifnot
     Execution halted
Flavor: r-devel-windows-x86_64-gcc10-UCRT