Last updated on 2023-11-29 04:00:51 CET.
Flavor | Version | Tinstall | Tcheck | Ttotal | Status | Flags |
---|---|---|---|---|---|---|
r-devel-linux-x86_64-debian-clang | 0.7.6 | 768.59 | 348.50 | 1117.09 | NOTE | |
r-devel-linux-x86_64-debian-gcc | 0.7.6 | 631.24 | 300.06 | 931.30 | NOTE | |
r-devel-linux-x86_64-fedora-clang | 0.7.6 | 1412.36 | NOTE | |||
r-devel-linux-x86_64-fedora-gcc | 0.7.6 | 1747.38 | NOTE | |||
r-devel-windows-x86_64 | 0.7.6 | 542.00 | 334.00 | 876.00 | NOTE | |
r-patched-linux-x86_64 | 0.7.6 | 643.65 | 393.55 | 1037.20 | NOTE | |
r-release-linux-x86_64 | 0.7.6 | 0.02 | 2.74 | 2.76 | ERROR | |
r-release-macos-arm64 | 0.7.6 | 382.00 | NOTE | |||
r-release-macos-x86_64 | 0.7.6 | 597.00 | NOTE | |||
r-release-windows-x86_64 | 0.7.6 | 710.00 | 429.00 | 1139.00 | NOTE | |
r-oldrel-macos-arm64 | 0.7.6 | 230.00 | NOTE | |||
r-oldrel-macos-x86_64 | 0.7.6 | 435.00 | NOTE | |||
r-oldrel-windows-x86_64 | 0.7.6 | 688.00 | 401.00 | 1089.00 | NOTE |
Version: 0.7.6
Check: for GNU extensions in Makefiles
Result: NOTE
GNU make is a SystemRequirements.
Flavors: r-devel-linux-x86_64-debian-clang, r-devel-linux-x86_64-debian-gcc, r-devel-linux-x86_64-fedora-clang, r-devel-linux-x86_64-fedora-gcc, r-devel-windows-x86_64, r-patched-linux-x86_64, r-release-macos-arm64, r-release-macos-x86_64, r-release-windows-x86_64, r-oldrel-macos-arm64, r-oldrel-macos-x86_64, r-oldrel-windows-x86_64
Version: 0.7.6
Check: installed package size
Result: NOTE
installed size is 8.6Mb
sub-directories of 1Mb or more:
libs 6.8Mb
Flavors: r-devel-linux-x86_64-fedora-clang, r-devel-windows-x86_64, r-release-macos-arm64, r-release-macos-x86_64, r-release-windows-x86_64, r-oldrel-macos-arm64, r-oldrel-macos-x86_64, r-oldrel-windows-x86_64
Version: 0.7.6
Check: whether package can be installed
Result: ERROR
Installation failed.
Flavor: r-release-linux-x86_64