Last updated on 2023-10-03 09:08:12 CEST.
Flavor | Version | Tinstall | Tcheck | Ttotal | Status | Flags |
---|---|---|---|---|---|---|
r-devel-linux-x86_64-debian-clang | 1.2.11 | 676.29 | 459.48 | 1135.77 | NOTE | |
r-devel-linux-x86_64-debian-gcc | 1.2.12 | 569.58 | 371.89 | 941.47 | NOTE | |
r-devel-linux-x86_64-fedora-clang | 1.2.12 | 785.15 | NOTE | |||
r-devel-linux-x86_64-fedora-gcc | 1.2.12 | 1494.20 | NOTE | |||
r-devel-windows-x86_64 | 1.2.12 | 498.00 | 420.00 | 918.00 | NOTE | |
r-patched-linux-x86_64 | 1.2.11 | 522.33 | 489.41 | 1011.74 | NOTE | |
r-release-linux-x86_64 | 1.2.12 | 590.65 | 492.81 | 1083.46 | NOTE | |
r-release-macos-arm64 | 1.2.12 | 348.00 | NOTE | |||
r-release-macos-x86_64 | 1.2.12 | 485.00 | NOTE | |||
r-release-windows-x86_64 | 1.2.12 | 658.00 | 524.00 | 1182.00 | NOTE | |
r-oldrel-macos-arm64 | 1.2.12 | 365.00 | NOTE | |||
r-oldrel-macos-x86_64 | 1.2.11 | 417.00 | NOTE | |||
r-oldrel-windows-x86_64 | 1.2.12 | 366.00 | 445.00 | 811.00 | NOTE |
Version: 1.2.11
Check: for GNU extensions in Makefiles
Result: NOTE
GNU make is a SystemRequirements.
Flavors: r-devel-linux-x86_64-debian-clang, r-patched-linux-x86_64, r-oldrel-macos-x86_64
Version: 1.2.12
Check: for GNU extensions in Makefiles
Result: NOTE
GNU make is a SystemRequirements.
Flavors: r-devel-linux-x86_64-debian-gcc, r-devel-linux-x86_64-fedora-clang, r-devel-linux-x86_64-fedora-gcc, r-devel-windows-x86_64, r-release-linux-x86_64, r-release-macos-arm64, r-release-macos-x86_64, r-release-windows-x86_64, r-oldrel-macos-arm64, r-oldrel-windows-x86_64
Version: 1.2.12
Check: installed package size
Result: NOTE
installed size is 9.0Mb
sub-directories of 1Mb or more:
doc 1.9Mb
libs 5.5Mb
Flavors: r-devel-linux-x86_64-fedora-clang, r-devel-windows-x86_64, r-release-macos-arm64, r-release-macos-x86_64, r-release-windows-x86_64, r-oldrel-macos-arm64, r-oldrel-windows-x86_64
Version: 1.2.11
Check: installed package size
Result: NOTE
installed size is 62.8Mb
sub-directories of 1Mb or more:
libs 60.7Mb
Flavor: r-oldrel-macos-x86_64