Last updated on 2023-03-29 04:51:05 CEST.
Flavor | Version | Tinstall | Tcheck | Ttotal | Status | Flags |
---|---|---|---|---|---|---|
r-devel-linux-x86_64-debian-clang | 0.6-1 | 83.65 | 110.62 | 194.27 | OK | |
r-devel-linux-x86_64-debian-gcc | 0.6-1 | 65.20 | 88.93 | 154.13 | OK | |
r-devel-linux-x86_64-fedora-clang | 0.6-1 | 273.11 | OK | |||
r-devel-linux-x86_64-fedora-gcc | 0.6-1 | 258.37 | OK | |||
r-devel-windows-x86_64 | 0.6-1 | 106.00 | 191.00 | 297.00 | OK | |
r-patched-linux-x86_64 | 0.6-1 | 66.94 | 110.78 | 177.72 | OK | |
r-release-linux-x86_64 | 0.6-1 | 70.20 | 110.93 | 181.13 | OK | |
r-release-macos-arm64 | 0.6-1 | 68.00 | NOTE | |||
r-release-macos-x86_64 | 0.6-1 | 90.00 | NOTE | |||
r-release-windows-x86_64 | 0.6-1 | 105.00 | 198.00 | 303.00 | OK | |
r-oldrel-macos-arm64 | 0.6-1 | 71.00 | NOTE | |||
r-oldrel-macos-x86_64 | 0.6-1 | 146.00 | NOTE | |||
r-oldrel-windows-ix86+x86_64 | 0.6-1 | 189.00 | 189.00 | 378.00 | NOTE |
Version: 0.6-1
Check: installed package size
Result: NOTE
installed size is 7.9Mb
sub-directories of 1Mb or more:
data 2.7Mb
libs 4.4Mb
Flavors: r-release-macos-arm64, r-release-macos-x86_64, r-oldrel-macos-arm64, r-oldrel-macos-x86_64, r-oldrel-windows-ix86+x86_64
Version: 0.6-1
Check: package dependencies
Result: NOTE
Package suggested but not available for checking: ‘PottsUtils’
Flavors: r-release-macos-x86_64, r-oldrel-macos-arm64