CRAN Package Check Results for Package bayesLife

Last updated on 2021-12-02 00:49:03 CET.

Flavor Version Tinstall Tcheck Ttotal Status Flags
r-devel-linux-x86_64-debian-clang 5.0-3 11.44 83.10 94.54 OK
r-devel-linux-x86_64-debian-gcc 5.0-3 9.32 61.81 71.13 OK
r-devel-linux-x86_64-fedora-clang 5.0-3 129.33 NOTE
r-devel-linux-x86_64-fedora-gcc 5.0-3 110.62 OK
r-devel-windows-x86_64-new-UL 5.0-3 51.00 148.00 199.00 OK
r-devel-windows-x86_64-new-TK 5.0-3 OK
r-devel-windows-x86_64-old 5.0-3 19.00 80.00 99.00 OK
r-patched-linux-x86_64 5.0-3 13.56 77.73 91.29 OK
r-patched-solaris-x86 5.0-3 148.70 OK
r-release-linux-x86_64 5.0-3 9.87 78.79 88.66 OK
r-release-macos-arm64 5.0-3 OK
r-release-macos-x86_64 5.0-3 OK
r-release-windows-ix86+x86_64 5.0-3 24.00 147.00 171.00 OK
r-oldrel-macos-x86_64 5.0-3 OK
r-oldrel-windows-ix86+x86_64 5.0-3 29.00 150.00 179.00 OK

Check Details

Version: 5.0-3
Check: Rd cross-references
Result: NOTE
    Undeclared packages ‘rworldmap’, ‘snowFT’ in Rd xrefs
Flavor: r-devel-linux-x86_64-fedora-clang