CRAN Package Check Results for Package bayesTFR

Last updated on 2021-10-16 20:50:36 CEST.

Flavor Version Tinstall Tcheck Ttotal Status Flags
r-devel-linux-x86_64-debian-clang 7.0-5 15.53 109.22 124.75 OK
r-devel-linux-x86_64-debian-gcc 7.0-5 15.24 79.72 94.96 OK
r-devel-linux-x86_64-fedora-clang 7.0-5 164.01 NOTE
r-devel-linux-x86_64-fedora-gcc 7.0-5 150.60 OK
r-devel-windows-x86_64 7.0-5 25.00 93.00 118.00 OK
r-devel-windows-x86_64-gcc10-UCRT 7.0-5 OK
r-patched-linux-x86_64 7.0-5 18.33 104.00 122.33 OK
r-patched-solaris-x86 7.0-5 180.70 OK
r-release-linux-x86_64 7.0-5 17.10 103.66 120.76 OK
r-release-macos-arm64 7.0-5 NOTE
r-release-macos-x86_64 7.0-5 NOTE
r-release-windows-ix86+x86_64 7.0-5 34.00 159.00 193.00 OK
r-oldrel-macos-x86_64 7.0-5 NOTE
r-oldrel-windows-ix86+x86_64 7.0-5 36.00 158.00 194.00 OK

Check Details

Version: 7.0-5
Check: installed package size
Result: NOTE
     installed size is 5.8Mb
     sub-directories of 1Mb or more:
     ex-data 4.7Mb
Flavors: r-devel-linux-x86_64-fedora-clang, r-release-macos-arm64, r-release-macos-x86_64, r-oldrel-macos-x86_64