Last updated on 2023-03-31 16:53:41 CEST.
Flavor | Version | Tinstall | Tcheck | Ttotal | Status | Flags |
---|---|---|---|---|---|---|
r-devel-linux-x86_64-debian-clang | 1.0.1 | 222.44 | 58.98 | 281.42 | NOTE | |
r-devel-linux-x86_64-debian-gcc | 1.0.1 | 177.90 | 42.19 | 220.09 | NOTE | |
r-devel-linux-x86_64-fedora-clang | 1.0.1 | 416.82 | NOTE | |||
r-devel-linux-x86_64-fedora-gcc | 1.0.1 | 387.41 | NOTE | |||
r-devel-windows-x86_64 | 1.0.1 | 191.00 | 129.00 | 320.00 | NOTE | |
r-patched-linux-x86_64 | 1.0.1 | 181.24 | 54.70 | 235.94 | NOTE | |
r-release-linux-x86_64 | 1.0.1 | 188.88 | 56.21 | 245.09 | NOTE | |
r-release-macos-arm64 | 1.0.1 | 108.00 | NOTE | |||
r-release-macos-x86_64 | 1.0.1 | 140.00 | NOTE | |||
r-release-windows-x86_64 | 1.0.1 | 171.00 | 140.00 | 311.00 | NOTE | |
r-oldrel-macos-arm64 | 1.0.1 | 102.00 | NOTE | |||
r-oldrel-macos-x86_64 | 1.0.1 | 143.00 | NOTE | |||
r-oldrel-windows-ix86+x86_64 | 1.0.1 | 548.00 | 147.00 | 695.00 | NOTE |
Version: 1.0.1
Check: C++ specification
Result: NOTE
Specified C++11: please drop specification unless essential
Flavors: r-devel-linux-x86_64-debian-clang, r-devel-linux-x86_64-debian-gcc, r-devel-linux-x86_64-fedora-clang, r-devel-linux-x86_64-fedora-gcc, r-devel-windows-x86_64, r-patched-linux-x86_64
Version: 1.0.1
Check: for GNU extensions in Makefiles
Result: NOTE
GNU make is a SystemRequirements.
Flavors: r-devel-linux-x86_64-debian-clang, r-devel-linux-x86_64-debian-gcc, r-devel-linux-x86_64-fedora-clang, r-devel-linux-x86_64-fedora-gcc, r-devel-windows-x86_64, r-patched-linux-x86_64, r-release-linux-x86_64, r-release-macos-arm64, r-release-macos-x86_64, r-release-windows-x86_64, r-oldrel-macos-arm64, r-oldrel-macos-x86_64, r-oldrel-windows-ix86+x86_64
Version: 1.0.1
Check: installed package size
Result: NOTE
installed size is 8.8Mb
sub-directories of 1Mb or more:
libs 8.6Mb
Flavors: r-release-macos-arm64, r-release-macos-x86_64, r-oldrel-macos-arm64, r-oldrel-macos-x86_64