CRAN Package Check Results for Package bayesm

Last updated on 2021-09-26 00:48:34 CEST.

Flavor Version Tinstall Tcheck Ttotal Status Flags
r-devel-linux-x86_64-debian-clang 3.1-4 684.32 446.38 1130.70 OK
r-devel-linux-x86_64-debian-gcc 3.1-4 440.84 311.55 752.39 OK
r-devel-linux-x86_64-fedora-clang 3.1-4 1524.39 NOTE
r-devel-linux-x86_64-fedora-gcc 3.1-4 1397.24 OK
r-devel-windows-x86_64 3.1-4 593.00 432.00 1025.00 NOTE
r-devel-windows-x86_64-gcc10-UCRT 3.1-4 OK
r-patched-linux-x86_64 3.1-4 533.39 431.38 964.77 OK
r-patched-solaris-x86 3.1-4 1549.90 NOTE
r-release-linux-x86_64 3.1-4 516.67 427.61 944.28 OK
r-release-macos-arm64 3.1-4 NOTE
r-release-macos-x86_64 3.1-4 NOTE
r-release-windows-ix86+x86_64 3.1-4 1504.00 542.00 2046.00 NOTE
r-oldrel-macos-x86_64 3.1-4 NOTE
r-oldrel-windows-ix86+x86_64 3.1-4 1083.00 472.00 1555.00 NOTE

Check Details

Version: 3.1-4
Check: installed package size
Result: NOTE
     installed size is 28.8Mb
     sub-directories of 1Mb or more:
     doc 2.9Mb
     libs 24.3Mb
Flavors: r-devel-linux-x86_64-fedora-clang, r-devel-windows-x86_64, r-patched-solaris-x86, r-release-macos-arm64, r-release-macos-x86_64, r-release-windows-ix86+x86_64, r-oldrel-macos-x86_64, r-oldrel-windows-ix86+x86_64