Last updated on 2023-03-30 20:49:05 CEST.
Flavor | Version | Tinstall | Tcheck | Ttotal | Status | Flags |
---|---|---|---|---|---|---|
r-devel-linux-x86_64-debian-clang | 3.1-5 | 667.57 | 471.40 | 1138.97 | OK | |
r-devel-linux-x86_64-debian-gcc | 3.1-5 | 514.77 | 328.34 | 843.11 | WARN | |
r-devel-linux-x86_64-fedora-clang | 3.1-5 | 1615.76 | NOTE | |||
r-devel-linux-x86_64-fedora-gcc | 3.1-5 | 1471.01 | WARN | |||
r-devel-windows-x86_64 | 3.1-5 | 493.00 | 579.00 | 1072.00 | NOTE | |
r-patched-linux-x86_64 | 3.1-5 | 535.91 | 442.27 | 978.18 | OK | |
r-release-linux-x86_64 | 3.1-5 | 514.68 | 430.94 | 945.62 | OK | |
r-release-macos-arm64 | 3.1-5 | 313.00 | NOTE | |||
r-release-macos-x86_64 | 3.1-5 | 575.00 | NOTE | |||
r-release-windows-x86_64 | 3.1-5 | 609.00 | 551.00 | 1160.00 | NOTE | |
r-oldrel-macos-arm64 | 3.1-5 | 304.00 | NOTE | |||
r-oldrel-macos-x86_64 | 3.1-5 | 416.00 | NOTE | |||
r-oldrel-windows-ix86+x86_64 | 3.1-5 | 1528.00 | 607.00 | 2135.00 | NOTE |
Version: 3.1-5
Check: whether package can be installed
Result: WARN
Found the following significant warnings:
/usr/include/x86_64-linux-gnu/bits/string_fortified.h:59:33: warning: ‘void* __builtin_memset(void*, int, long unsigned int)’ forming offset [112, 115] is out of the bounds [0, 112] of object ‘cbetaAllRow’ with type ‘arma::uvec’ {aka ‘arma::Col<unsigned int>’} [-Warray-bounds]
See ‘/home/hornik/tmp/R.check/r-devel-gcc/Work/PKGS/bayesm.Rcheck/00install.out’ for details.
* used C++ compiler: ‘g++-12 (Debian 12.2.0-14) 12.2.0’
Flavor: r-devel-linux-x86_64-debian-gcc
Version: 3.1-5
Check: installed package size
Result: NOTE
installed size is 5.9Mb
sub-directories of 1Mb or more:
doc 2.9Mb
libs 1.5Mb
Flavors: r-devel-linux-x86_64-fedora-clang, r-devel-windows-x86_64, r-release-macos-arm64, r-release-macos-x86_64, r-release-windows-x86_64, r-oldrel-macos-arm64, r-oldrel-macos-x86_64, r-oldrel-windows-ix86+x86_64
Version: 3.1-5
Check: whether package can be installed
Result: WARN
Found the following significant warnings:
/usr/include/bits/string_fortified.h:59:33: warning: ‘void* __builtin_memset(void*, int, long unsigned int)’ forming offset [112, 115] is out of the bounds [0, 112] of object ‘cbetaAllRow’ with type ‘arma::uvec’ {aka ‘arma::Col<unsigned int>’} [-Warray-bounds]
See ‘/data/gannet/ripley/R/packages/tests-devel/bayesm.Rcheck/00install.out’ for details.
* used C++ compiler: ‘g++ (GCC) 12.2.1 20221121 (Red Hat 12.2.1-4)’
Flavor: r-devel-linux-x86_64-fedora-gcc