CRAN Package Check Results for Package bayesplot

Last updated on 2021-11-30 19:51:16 CET.

Flavor Version Tinstall Tcheck Ttotal Status Flags
r-devel-linux-x86_64-debian-clang 1.8.1 13.78 336.62 350.40 OK
r-devel-linux-x86_64-debian-gcc 1.8.1 11.36 239.94 251.30 OK
r-devel-linux-x86_64-fedora-clang 1.8.1 435.44 NOTE
r-devel-linux-x86_64-fedora-gcc 1.8.1 403.11 OK
r-devel-windows-x86_64-new-UL 1.8.1 32.00 392.00 424.00 NOTE
r-devel-windows-x86_64-new-TK 1.8.1 OK
r-devel-windows-x86_64-old 1.8.1 21.00 275.00 296.00 NOTE
r-patched-linux-x86_64 1.8.1 18.71 311.94 330.65 OK
r-patched-solaris-x86 1.8.1 394.30 NOTE
r-release-linux-x86_64 1.8.1 12.74 315.49 328.23 OK
r-release-macos-arm64 1.8.1 NOTE
r-release-macos-x86_64 1.8.1 NOTE
r-release-windows-ix86+x86_64 1.8.1 28.00 386.00 414.00 NOTE
r-oldrel-macos-x86_64 1.8.1 NOTE
r-oldrel-windows-ix86+x86_64 1.8.1 19.00 283.00 302.00 NOTE

Check Details

Version: 1.8.1
Check: installed package size
Result: NOTE
     installed size is 5.4Mb
     sub-directories of 1Mb or more:
     R 1.8Mb
     doc 2.9Mb
Flavors: r-devel-linux-x86_64-fedora-clang, r-devel-windows-x86_64-new-UL, r-devel-windows-x86_64-old, r-patched-solaris-x86, r-release-macos-arm64, r-release-macos-x86_64, r-release-windows-ix86+x86_64, r-oldrel-macos-x86_64, r-oldrel-windows-ix86+x86_64