Last updated on 2023-12-04 00:52:35 CET.
Flavor | Version | Tinstall | Tcheck | Ttotal | Status | Flags |
---|---|---|---|---|---|---|
r-devel-linux-x86_64-debian-clang | 0.13.1 | 14.34 | 199.12 | 213.46 | OK | |
r-devel-linux-x86_64-debian-gcc | 0.13.1 | 10.09 | 145.53 | 155.62 | OK | |
r-devel-linux-x86_64-fedora-clang | 0.13.1 | 262.19 | OK | |||
r-devel-linux-x86_64-fedora-gcc | 0.13.1 | 257.29 | OK | |||
r-devel-windows-x86_64 | 0.13.1 | 13.00 | 160.00 | 173.00 | OK | |
r-patched-linux-x86_64 | 0.13.1 | 13.88 | 188.17 | 202.05 | NOTE | |
r-release-linux-x86_64 | 0.13.1 | 14.83 | 188.24 | 203.07 | OK | |
r-release-macos-arm64 | 0.13.1 | 63.00 | OK | |||
r-release-macos-x86_64 | 0.13.1 | 147.00 | OK | |||
r-release-windows-x86_64 | 0.13.1 | 16.00 | 196.00 | 212.00 | OK | |
r-oldrel-macos-arm64 | 0.13.1 | 60.00 | OK | |||
r-oldrel-macos-x86_64 | 0.13.1 | 81.00 | OK | |||
r-oldrel-windows-x86_64 | 0.13.1 | 16.00 | 193.00 | 209.00 | OK |
Version: 0.13.1
Check: package dependencies
Result: NOTE
Package suggested but not available for checking: ‘blavaan’
Flavor: r-patched-linux-x86_64