CRAN Package Check Results for Package bbreg

Last updated on 2024-06-12 16:56:39 CEST.

Flavor Version Tinstall Tcheck Ttotal Status Flags
r-devel-linux-x86_64-debian-clang 2.0.2 4.56 296.42 300.98 NOTE
r-devel-linux-x86_64-debian-gcc 2.0.2 4.26 196.80 201.06 NOTE
r-devel-linux-x86_64-fedora-clang 2.0.2 370.44 NOTE
r-devel-linux-x86_64-fedora-gcc 2.0.2 374.16 NOTE
r-devel-windows-x86_64 2.0.2 5.00 247.00 252.00 NOTE
r-patched-linux-x86_64 2.0.2 6.05 270.45 276.50 NOTE
r-release-linux-x86_64 2.0.2 4.82 259.91 264.73 NOTE
r-release-macos-arm64 2.0.2 93.00 NOTE
r-release-macos-x86_64 2.0.2 205.00 NOTE
r-release-windows-x86_64 2.0.2 6.00 244.00 250.00 NOTE
r-oldrel-macos-arm64 2.0.2 97.00 OK
r-oldrel-macos-x86_64 2.0.2 185.00 NOTE
r-oldrel-windows-x86_64 2.0.2 5.00 278.00 283.00 OK

Check Details

Version: 2.0.2
Check: Rd files
Result: NOTE checkRd: (-1) bbreg.Rd:75: Lost braces; missing escapes or markup? 75 | ("x_{i,1}" and "v_{i,1}" may be 1 to handle intercepts). As it can be seen, this regression model has two levels with covariates explaining the mean | ^ checkRd: (-1) bbreg.Rd:75: Lost braces; missing escapes or markup? 75 | ("x_{i,1}" and "v_{i,1}" may be 1 to handle intercepts). As it can be seen, this regression model has two levels with covariates explaining the mean | ^ checkRd: (-1) dbbtest.Rd:27: Lost braces; missing escapes or markup? 27 | considered in the decision rule of the test; they are sum(z2/n) = sum_{i=1}^{n}(z_i^2)/n, sum(quasi_mu) = sum_{i=1}^{n}(tilde{mu_i}^2 + tilde{mu_i}(1-tilde{mu_i})/2) | ^ checkRd: (-1) dbbtest.Rd:27: Lost braces; missing escapes or markup? 27 | considered in the decision rule of the test; they are sum(z2/n) = sum_{i=1}^{n}(z_i^2)/n, sum(quasi_mu) = sum_{i=1}^{n}(tilde{mu_i}^2 + tilde{mu_i}(1-tilde{mu_i})/2) | ^ checkRd: (-1) dbbtest.Rd:27: Lost braces; missing escapes or markup? 27 | considered in the decision rule of the test; they are sum(z2/n) = sum_{i=1}^{n}(z_i^2)/n, sum(quasi_mu) = sum_{i=1}^{n}(tilde{mu_i}^2 + tilde{mu_i}(1-tilde{mu_i})/2) | ^ checkRd: (-1) dbbtest.Rd:27: Lost braces; missing escapes or markup? 27 | considered in the decision rule of the test; they are sum(z2/n) = sum_{i=1}^{n}(z_i^2)/n, sum(quasi_mu) = sum_{i=1}^{n}(tilde{mu_i}^2 + tilde{mu_i}(1-tilde{mu_i})/2) | ^ checkRd: (-1) dbbtest.Rd:27: Lost braces 27 | considered in the decision rule of the test; they are sum(z2/n) = sum_{i=1}^{n}(z_i^2)/n, sum(quasi_mu) = sum_{i=1}^{n}(tilde{mu_i}^2 + tilde{mu_i}(1-tilde{mu_i})/2) | ^ checkRd: (-1) dbbtest.Rd:27: Lost braces 27 | considered in the decision rule of the test; they are sum(z2/n) = sum_{i=1}^{n}(z_i^2)/n, sum(quasi_mu) = sum_{i=1}^{n}(tilde{mu_i}^2 + tilde{mu_i}(1-tilde{mu_i})/2) | ^ checkRd: (-1) dbbtest.Rd:27: Lost braces 27 | considered in the decision rule of the test; they are sum(z2/n) = sum_{i=1}^{n}(z_i^2)/n, sum(quasi_mu) = sum_{i=1}^{n}(tilde{mu_i}^2 + tilde{mu_i}(1-tilde{mu_i})/2) | ^ Flavors: r-devel-linux-x86_64-debian-clang, r-devel-linux-x86_64-debian-gcc, r-devel-linux-x86_64-fedora-clang, r-devel-linux-x86_64-fedora-gcc, r-devel-windows-x86_64, r-patched-linux-x86_64, r-release-linux-x86_64, r-release-macos-arm64, r-release-macos-x86_64, r-release-windows-x86_64

Version: 2.0.2
Check: Rd cross-references
Result: NOTE Undeclared package ‘betareg’ in Rd xrefs Flavor: r-devel-linux-x86_64-fedora-clang

Version: 2.0.2
Check: Rd cross-references
Result: NOTE Package unavailable to check Rd xrefs: ‘betareg’ Flavor: r-oldrel-macos-x86_64