Last updated on 2023-03-29 16:50:09 CEST.
Flavor | Version | Tinstall | Tcheck | Ttotal | Status | Flags |
---|---|---|---|---|---|---|
r-devel-linux-x86_64-debian-clang | 4.0.3 | 107.35 | 44.88 | 152.23 | OK | |
r-devel-linux-x86_64-debian-gcc | 4.0.3 | 88.49 | 33.35 | 121.84 | OK | |
r-devel-linux-x86_64-fedora-clang | 4.0.3 | 230.33 | OK | |||
r-devel-linux-x86_64-fedora-gcc | 4.0.3 | 211.39 | OK | |||
r-devel-windows-x86_64 | 4.0.3 | 88.00 | 0.00 | 88.00 | OK | |
r-patched-linux-x86_64 | 4.0.3 | 97.70 | 43.34 | 141.04 | OK | |
r-release-linux-x86_64 | 4.0.3 | 90.52 | 43.33 | 133.85 | OK | |
r-release-macos-arm64 | 4.0.3 | 53.00 | NOTE | |||
r-release-macos-x86_64 | 4.0.3 | 72.00 | NOTE | |||
r-release-windows-x86_64 | 4.0.3 | 91.00 | 99.00 | 190.00 | OK | |
r-oldrel-macos-arm64 | 4.0.3 | 61.00 | NOTE | |||
r-oldrel-macos-x86_64 | 4.0.3 | 99.00 | OK | |||
r-oldrel-windows-ix86+x86_64 | 4.0.3 | 260.00 | 109.00 | 369.00 | OK |
Version: 4.0.3
Check: package dependencies
Result: NOTE
Package suggested but not available for checking: ‘DNAcopy’
Flavor: r-release-macos-arm64
Version: 4.0.3
Check: installed package size
Result: NOTE
installed size is 5.4Mb
sub-directories of 1Mb or more:
libs 5.1Mb
Flavors: r-release-macos-arm64, r-release-macos-x86_64, r-oldrel-macos-arm64