Last updated on 2023-03-25 19:53:58 CET.
Flavor | Version | Tinstall | Tcheck | Ttotal | Status | Flags |
---|---|---|---|---|---|---|
r-devel-linux-x86_64-debian-clang | 0.5.4 | 8.18 | 65.13 | 73.31 | OK | |
r-devel-linux-x86_64-debian-gcc | 0.5.4 | 6.58 | 47.74 | 54.32 | OK | |
r-devel-linux-x86_64-fedora-gcc | 0.5.4 | 89.53 | NOTE | |||
r-devel-windows-x86_64 | 0.5.4 | 24.00 | 90.00 | 114.00 | NOTE | |
r-patched-linux-x86_64 | 0.5.4 | 9.22 | 60.22 | 69.44 | OK | |
r-release-linux-x86_64 | 0.5.4 | 9.27 | 59.78 | 69.05 | OK | |
r-release-macos-arm64 | 0.5.4 | 28.00 | NOTE | |||
r-release-macos-x86_64 | 0.5.4 | 55.00 | NOTE | |||
r-release-windows-x86_64 | 0.5.4 | 17.00 | 89.00 | 106.00 | NOTE | |
r-oldrel-macos-arm64 | 0.5.4 | 38.00 | NOTE | |||
r-oldrel-macos-x86_64 | 0.5.4 | 58.00 | NOTE | |||
r-oldrel-windows-ix86+x86_64 | 0.5.4 | 18.00 | 86.00 | 104.00 | OK |
Version: 0.5.4
Check: dependencies in R code
Result: NOTE
Namespaces in Imports field not imported from:
‘knitr’ ‘rlang’
All declared Imports should be used.
Flavors: r-devel-linux-x86_64-fedora-gcc, r-release-macos-arm64, r-release-macos-x86_64, r-oldrel-macos-arm64, r-oldrel-macos-x86_64
Version: 0.5.4
Check: package dependencies
Result: NOTE
Package suggested but not available for checking: 'BRugs'
Flavors: r-devel-windows-x86_64, r-release-macos-arm64, r-release-windows-x86_64, r-oldrel-macos-x86_64
Version: 0.5.4
Check: package dependencies
Result: NOTE
Packages suggested but not available for checking: 'BRugs', 'rjags'
Flavors: r-release-macos-x86_64, r-oldrel-macos-arm64