CRAN Package Check Results for Package beam

Last updated on 2021-12-02 00:49:04 CET.

Flavor Version Tinstall Tcheck Ttotal Status Flags
r-devel-linux-x86_64-debian-clang 2.0.2 55.82 80.64 136.46 OK
r-devel-linux-x86_64-debian-gcc 2.0.2 43.53 62.70 106.23 OK
r-devel-linux-x86_64-fedora-clang 2.0.2 207.44 OK
r-devel-linux-x86_64-fedora-gcc 2.0.2 176.16 OK
r-devel-windows-x86_64-new-UL 2.0.2 80.00 147.00 227.00 OK
r-devel-windows-x86_64-new-TK 2.0.2 OK
r-devel-windows-x86_64-old 2.0.2 75.00 86.00 161.00 OK
r-patched-linux-x86_64 2.0.2 48.54 77.47 126.01 OK
r-patched-solaris-x86 2.0.2 212.40 OK
r-release-linux-x86_64 2.0.2 46.89 78.28 125.17 OK
r-release-macos-arm64 2.0.2 NOTE
r-release-macos-x86_64 2.0.2 NOTE
r-release-windows-ix86+x86_64 2.0.2 138.00 158.00 296.00 OK
r-oldrel-macos-x86_64 2.0.2 NOTE
r-oldrel-windows-ix86+x86_64 2.0.2 137.00 159.00 296.00 OK

Check Details

Version: 2.0.2
Check: installed package size
Result: NOTE
     installed size is 5.7Mb
     sub-directories of 1Mb or more:
     libs 5.0Mb
Flavors: r-release-macos-arm64, r-release-macos-x86_64, r-oldrel-macos-x86_64