CRAN Package Check Results for Package bellreg

Last updated on 2022-01-20 08:49:52 CET.

Flavor Version Tinstall Tcheck Ttotal Status Flags
r-devel-linux-x86_64-debian-clang 0.0.1 NOTE
r-devel-linux-x86_64-debian-gcc 0.0.1 200.22 93.26 293.48 NOTE
r-devel-linux-x86_64-fedora-clang 0.0.1 486.37 NOTE
r-devel-linux-x86_64-fedora-gcc 0.0.1 504.34 NOTE
r-devel-windows-x86_64-new-UL 0.0.1 176.00 173.00 349.00 NOTE
r-devel-windows-x86_64-new-TK 0.0.1 WARN
r-patched-linux-x86_64 0.0.1 185.57 118.51 304.08 NOTE
r-release-linux-x86_64 0.0.1 201.57 118.84 320.41 NOTE
r-release-macos-arm64 0.0.1 NOTE
r-release-macos-x86_64 0.0.1 NOTE
r-release-windows-ix86+x86_64 0.0.1 521.00 220.00 741.00 NOTE
r-oldrel-macos-x86_64 0.0.1 NOTE
r-oldrel-windows-ix86+x86_64 0.0.1 98.00 8.00 106.00 ERROR

Check Details

Version: 0.0.1
Check: for GNU extensions in Makefiles
Result: NOTE
    GNU make is a SystemRequirements.
Flavors: r-devel-linux-x86_64-debian-clang, r-devel-linux-x86_64-debian-gcc, r-devel-linux-x86_64-fedora-clang, r-devel-linux-x86_64-fedora-gcc, r-devel-windows-x86_64-new-UL, r-devel-windows-x86_64-new-TK, r-patched-linux-x86_64, r-release-linux-x86_64, r-release-macos-arm64, r-release-macos-x86_64, r-release-windows-ix86+x86_64, r-oldrel-macos-x86_64

Version: 0.0.1
Check: installed package size
Result: NOTE
     installed size is 35.6Mb
     sub-directories of 1Mb or more:
     libs 35.3Mb
Flavors: r-devel-linux-x86_64-fedora-clang, r-release-macos-arm64, r-release-macos-x86_64, r-release-windows-ix86+x86_64, r-oldrel-macos-x86_64

Version: 0.0.1
Check: dependencies in R code
Result: NOTE
    Namespace in Imports field not imported from: ‘rstantools’
     All declared Imports should be used.
Flavors: r-devel-linux-x86_64-fedora-clang, r-devel-linux-x86_64-fedora-gcc, r-devel-windows-x86_64-new-TK, r-release-macos-arm64, r-release-macos-x86_64, r-oldrel-macos-x86_64

Version: 0.0.1
Check: line endings in C/C++/Fortran sources/headers
Result: NOTE
    Found the following sources/headers with CR or CRLF line endings:
     src/RcppExports.cpp
     src/stanExports_bellreg.h
     src/stanExports_zibellreg.h
    Some Unix compilers require LF line endings.
Flavor: r-devel-windows-x86_64-new-TK

Version: 0.0.1
Check: line endings in Makefiles
Result: WARN
    Found the following Makefile(s) with CR or CRLF line endings:
     src/Makevars
    Some Unix 'make' programs require LF line endings.
Flavor: r-devel-windows-x86_64-new-TK

Version: 0.0.1
Check: whether package can be installed
Result: ERROR
    Installation failed.
Flavor: r-oldrel-windows-ix86+x86_64