CRAN Package Check Results for Package bennu

Last updated on 2024-03-04 16:01:53 CET.

Flavor Version Tinstall Tcheck Ttotal Status Flags
r-devel-linux-x86_64-debian-clang 0.3.0 183.52 234.71 418.23 NOTE
r-devel-linux-x86_64-debian-gcc 0.3.0 165.49 180.72 346.21 NOTE
r-devel-linux-x86_64-fedora-clang 0.3.0 508.92 NOTE
r-devel-linux-x86_64-fedora-gcc 0.3.0 588.14 NOTE
r-devel-windows-x86_64 0.3.0 139.00 213.00 352.00 NOTE
r-patched-linux-x86_64 0.3.0 135.92 240.02 375.94 NOTE
r-release-linux-x86_64 0.3.0 137.12 241.31 378.43 NOTE
r-release-macos-arm64 0.3.0 223.00 NOTE
r-release-macos-x86_64 0.3.0 344.00 NOTE
r-release-windows-x86_64 0.3.0 181.00 274.00 455.00 NOTE
r-oldrel-macos-arm64 0.3.0 161.00 NOTE
r-oldrel-windows-x86_64 0.3.0 167.00 265.00 432.00 NOTE

Check Details

Version: 0.3.0
Check: for GNU extensions in Makefiles
Result: NOTE GNU make is a SystemRequirements. Flavors: r-devel-linux-x86_64-debian-clang, r-devel-linux-x86_64-debian-gcc, r-devel-linux-x86_64-fedora-clang, r-devel-linux-x86_64-fedora-gcc, r-devel-windows-x86_64, r-patched-linux-x86_64, r-release-linux-x86_64, r-release-macos-arm64, r-release-macos-x86_64, r-release-windows-x86_64, r-oldrel-macos-arm64, r-oldrel-windows-x86_64

Version: 0.3.0
Check: Rd cross-references
Result: NOTE Undeclared package ‘tibble’ in Rd xrefs Flavor: r-devel-linux-x86_64-fedora-clang

Version: 0.3.0
Check: installed package size
Result: NOTE installed size is 36.5Mb sub-directories of 1Mb or more: libs 35.9Mb Flavors: r-release-macos-arm64, r-release-macos-x86_64, r-oldrel-macos-arm64