CRAN Package Check Results for Package betaBayes

Last updated on 2021-12-01 03:55:21 CET.

Flavor Version Tinstall Tcheck Ttotal Status Flags
r-devel-linux-x86_64-debian-clang 1.0 70.30 32.85 103.15 OK
r-devel-linux-x86_64-debian-gcc 1.0 52.20 28.58 80.78 OK
r-devel-linux-x86_64-fedora-clang 1.0 174.24 NOTE
r-devel-linux-x86_64-fedora-gcc 1.0 142.78 NOTE
r-devel-windows-x86_64-new-UL 1.0 89.00 95.00 184.00 OK
r-devel-windows-x86_64-new-TK 1.0 NOTE
r-devel-windows-x86_64-old 1.0 87.00 49.00 136.00 OK
r-patched-linux-x86_64 1.0 66.14 31.44 97.58 OK
r-patched-solaris-x86 1.0 144.60 NOTE
r-release-linux-x86_64 1.0 59.58 31.76 91.34 OK
r-release-macos-arm64 1.0 NOTE
r-release-macos-x86_64 1.0 NOTE
r-release-windows-ix86+x86_64 1.0 165.00 62.00 227.00 OK
r-oldrel-macos-x86_64 1.0 NOTE
r-oldrel-windows-ix86+x86_64 1.0 125.00 78.00 203.00 OK

Check Details

Version: 1.0
Check: dependencies in R code
Result: NOTE
    Namespaces in Imports field not imported from:
     ‘coda’ ‘splines’
     All declared Imports should be used.
Flavors: r-devel-linux-x86_64-fedora-clang, r-devel-linux-x86_64-fedora-gcc, r-devel-windows-x86_64-new-TK, r-patched-solaris-x86, r-release-macos-arm64, r-release-macos-x86_64, r-oldrel-macos-x86_64