CRAN Package Check Results for Package beyondWhittle

Last updated on 2024-03-04 03:52:24 CET.

Flavor Version Tinstall Tcheck Ttotal Status Flags
r-devel-linux-x86_64-debian-clang 1.2.0 185.82 196.44 382.26 NOTE
r-devel-linux-x86_64-debian-gcc 1.2.0 137.96 134.11 272.07 NOTE
r-devel-linux-x86_64-fedora-clang 1.2.0 527.76 NOTE
r-devel-linux-x86_64-fedora-gcc 1.2.0 535.30 NOTE
r-devel-windows-x86_64 1.2.0 137.00 185.00 322.00 NOTE
r-patched-linux-x86_64 1.2.0 169.11 184.53 353.64 OK
r-release-linux-x86_64 1.2.0 164.32 186.92 351.24 OK
r-release-macos-arm64 1.2.0 109.00 NOTE
r-release-macos-x86_64 1.2.0 142.00 NOTE
r-release-windows-x86_64 1.2.0 180.00 227.00 407.00 OK
r-oldrel-macos-arm64 1.2.0 106.00 NOTE
r-oldrel-windows-x86_64 1.2.0 165.00 210.00 375.00 OK

Check Details

Version: 1.2.0
Check: Rd files
Result: NOTE checkRd: (-1) bdp_dw_bayes_factor_k1.Rd:5: Lost braces; missing escapes or markup? 5 | \title{Estimating the Bayes factor of hypothesis {k1 = 1}.} | ^ checkRd: (-1) bdp_dw_bayes_factor_k1.Rd:19: Lost braces; missing escapes or markup? 19 | Estimating the Bayes factor of hypothesis {k1 = 1}. | ^ checkRd: (-1) local_moving_FT_zigzag.Rd:14: Lost braces; missing escapes or markup? 14 | \item{thinning_factor}{Selected from {1, 2, 3}.} | ^ Flavors: r-devel-linux-x86_64-debian-clang, r-devel-linux-x86_64-debian-gcc, r-devel-linux-x86_64-fedora-clang, r-devel-linux-x86_64-fedora-gcc, r-devel-windows-x86_64

Version: 1.2.0
Check: Rd \usage sections
Result: NOTE Documented arguments not in \usage in Rd file 'print_summary_gibbs_psd_help.Rd': ‘flag=T:’ Functions with \usage entries need to have the appropriate \alias entries, and all their arguments documented. The \usage entries must correspond to syntactically valid R code. See chapter ‘Writing R documentation files’ in the ‘Writing R Extensions’ manual. Flavors: r-devel-linux-x86_64-debian-clang, r-devel-linux-x86_64-debian-gcc, r-devel-linux-x86_64-fedora-clang, r-devel-linux-x86_64-fedora-gcc, r-devel-windows-x86_64

Version: 1.2.0
Check: installed package size
Result: NOTE installed size is 5.6Mb sub-directories of 1Mb or more: libs 5.2Mb Flavors: r-release-macos-arm64, r-release-macos-x86_64, r-oldrel-macos-arm64