Last updated on 2023-03-23 07:54:21 CET.
Flavor | Version | Tinstall | Tcheck | Ttotal | Status | Flags |
---|---|---|---|---|---|---|
r-devel-linux-x86_64-debian-clang | 1.1.3 | 152.99 | 175.15 | 328.14 | NOTE | |
r-devel-linux-x86_64-debian-gcc | 1.1.3 | 121.46 | 126.67 | 248.13 | NOTE | |
r-devel-linux-x86_64-fedora-clang | 1.1.3 | 464.68 | NOTE | |||
r-devel-linux-x86_64-fedora-gcc | 1.1.3 | 409.98 | NOTE | |||
r-devel-windows-x86_64 | 1.1.3 | 249.00 | 235.00 | 484.00 | NOTE | |
r-patched-linux-x86_64 | 1.1.3 | 129.03 | 164.48 | 293.51 | OK | |
r-release-linux-x86_64 | 1.1.3 | 119.24 | 162.37 | 281.61 | OK | |
r-release-macos-arm64 | 1.1.3 | 81.00 | NOTE | |||
r-release-macos-x86_64 | 1.1.3 | 201.00 | NOTE | |||
r-release-windows-x86_64 | 1.1.3 | 241.00 | 281.00 | 522.00 | OK | |
r-oldrel-macos-arm64 | 1.1.3 | 85.00 | NOTE | |||
r-oldrel-macos-x86_64 | 1.1.3 | 131.00 | NOTE | |||
r-oldrel-windows-ix86+x86_64 | 1.1.3 | 409.00 | 373.00 | 782.00 | NOTE |
Version: 1.1.3
Check: C++ specification
Result: NOTE
Specified C++14: please drop specification unless essential
Flavors: r-devel-linux-x86_64-debian-clang, r-devel-linux-x86_64-debian-gcc, r-devel-linux-x86_64-fedora-clang, r-devel-linux-x86_64-fedora-gcc, r-devel-windows-x86_64
Version: 1.1.3
Check: installed package size
Result: NOTE
installed size is 5.3Mb
sub-directories of 1Mb or more:
libs 4.9Mb
Flavors: r-release-macos-arm64, r-release-macos-x86_64, r-oldrel-macos-arm64, r-oldrel-macos-x86_64
Version: 1.1.3
Check: dependencies in R code
Result: NOTE
Initiating curl with CURL_SSL_BACKEND: openssl
Flavor: r-oldrel-windows-ix86+x86_64