Last updated on 2023-03-21 11:53:43 CET.
Flavor | Version | Tinstall | Tcheck | Ttotal | Status | Flags |
---|---|---|---|---|---|---|
r-devel-linux-x86_64-debian-clang | 1.6.1 | 27.74 | 105.02 | 132.76 | OK | |
r-devel-linux-x86_64-debian-gcc | 1.6.1 | 20.28 | 77.52 | 97.80 | OK | |
r-devel-linux-x86_64-fedora-clang | 1.6.1 | 169.70 | OK | |||
r-devel-linux-x86_64-fedora-gcc | 1.6.1 | 154.11 | OK | |||
r-devel-windows-x86_64 | 1.6.1 | 36.00 | 161.00 | 197.00 | OK | |
r-patched-linux-x86_64 | 1.6.1 | 18.97 | 95.83 | 114.80 | OK | |
r-release-linux-x86_64 | 1.6.1 | 23.18 | 93.97 | 117.15 | OK | |
r-release-macos-arm64 | 1.6.1 | 55.00 | OK | |||
r-release-macos-x86_64 | 1.6.1 | 93.00 | OK | |||
r-release-windows-x86_64 | 1.6.1 | 38.00 | 149.00 | 187.00 | OK | |
r-oldrel-macos-arm64 | 1.6.1 | 52.00 | OK | |||
r-oldrel-macos-x86_64 | 1.6.1 | 98.00 | OK | |||
r-oldrel-windows-ix86+x86_64 | 1.6.1 | 61.00 | 184.00 | 245.00 | WARN |
Version: 1.6.1
Check: R code for possible problems
Result: NOTE
Initiating curl with CURL_SSL_BACKEND: openssl
Flavor: r-oldrel-windows-ix86+x86_64
Version: 1.6.1
Check: Rd files
Result: WARN
Initiating curl with CURL_SSL_BACKEND: openssl
Flavor: r-oldrel-windows-ix86+x86_64