CRAN Package Check Results for Package biclustermd

Last updated on 2024-03-01 07:52:38 CET.

Flavor Version Tinstall Tcheck Ttotal Status Flags
r-devel-linux-x86_64-debian-clang 0.2.3 7.80 165.94 173.74 OK
r-devel-linux-x86_64-debian-gcc 0.2.3 8.52 121.54 130.06 OK
r-devel-linux-x86_64-fedora-clang 0.2.3 208.60 NOTE
r-devel-linux-x86_64-fedora-gcc 0.2.3 218.57 NOTE
r-devel-windows-x86_64 0.2.3 10.00 131.00 141.00 OK
r-patched-linux-x86_64 0.2.3 9.27 157.87 167.14 OK
r-release-linux-x86_64 0.2.3 8.13 160.59 168.72 OK
r-release-macos-arm64 0.2.3 68.00 OK
r-release-macos-x86_64 0.2.3 115.00 OK
r-release-windows-x86_64 0.2.3 14.00 172.00 186.00 OK
r-oldrel-macos-arm64 0.2.3 60.00 NOTE
r-oldrel-windows-x86_64 0.2.3 13.00 170.00 183.00 OK

Check Details

Version: 0.2.3
Check: dependencies in R code
Result: NOTE Namespace in Imports field not imported from: ‘nycflights13’ All declared Imports should be used. Flavors: r-devel-linux-x86_64-fedora-clang, r-devel-linux-x86_64-fedora-gcc, r-oldrel-macos-arm64