CRAN Package Check Results for Package bigMap

Last updated on 2023-06-10 20:59:24 CEST.

Flavor Version Tinstall Tcheck Ttotal Status Flags
r-devel-linux-x86_64-debian-clang 2.3.1 76.91 108.90 185.81 NOTE
r-devel-linux-x86_64-debian-gcc 2.3.1 53.29 78.74 132.03 NOTE
r-devel-linux-x86_64-fedora-clang 2.3.1 252.03 NOTE
r-devel-linux-x86_64-fedora-gcc 2.3.1 254.79 NOTE
r-devel-windows-x86_64 2.3.1 59.00 125.00 184.00 NOTE
r-patched-linux-x86_64 2.3.1 56.54 105.11 161.65 NOTE
r-release-linux-x86_64 2.3.1 52.95 105.18 158.13 NOTE
r-release-macos-arm64 2.3.1 64.00 NOTE
r-release-macos-x86_64 2.3.1 108.00 NOTE
r-release-windows-x86_64 2.3.1 76.00 142.00 218.00 NOTE
r-oldrel-macos-arm64 2.3.1 58.00 NOTE
r-oldrel-macos-x86_64 2.3.1 77.00 NOTE
r-oldrel-windows-x86_64 2.3.1 72.00 137.00 209.00 NOTE

Check Details

Version: 2.3.1
Check: C++ specification
Result: NOTE
     Specified C++14: please drop specification unless essential
Flavors: r-devel-linux-x86_64-debian-clang, r-devel-linux-x86_64-debian-gcc, r-devel-linux-x86_64-fedora-clang, r-devel-linux-x86_64-fedora-gcc, r-devel-windows-x86_64, r-patched-linux-x86_64, r-release-linux-x86_64, r-release-macos-arm64, r-release-macos-x86_64, r-release-windows-x86_64

Version: 2.3.1
Check: for GNU extensions in Makefiles
Result: NOTE
    GNU make is a SystemRequirements.
Flavors: r-devel-linux-x86_64-debian-clang, r-devel-linux-x86_64-debian-gcc, r-devel-linux-x86_64-fedora-clang, r-devel-linux-x86_64-fedora-gcc, r-devel-windows-x86_64, r-patched-linux-x86_64, r-release-linux-x86_64, r-release-macos-arm64, r-release-macos-x86_64, r-release-windows-x86_64, r-oldrel-macos-arm64, r-oldrel-macos-x86_64, r-oldrel-windows-x86_64

Version: 2.3.1
Check: installed package size
Result: NOTE
     installed size is 6.3Mb
     sub-directories of 1Mb or more:
     doc 1.8Mb
     extdata 1.9Mb
     libs 2.4Mb
Flavors: r-release-macos-arm64, r-release-macos-x86_64, r-oldrel-macos-arm64, r-oldrel-macos-x86_64