Last updated on 2023-03-28 12:54:35 CEST.
Flavor | Version | Tinstall | Tcheck | Ttotal | Status | Flags |
---|---|---|---|---|---|---|
r-devel-linux-x86_64-debian-clang | 0.0.1 | 38.39 | 35.42 | 73.81 | OK | |
r-devel-linux-x86_64-debian-gcc | 0.0.1 | 30.66 | 27.74 | 58.40 | OK | |
r-devel-linux-x86_64-fedora-clang | 0.0.1 | 110.78 | NOTE | |||
r-devel-linux-x86_64-fedora-gcc | 0.0.1 | 99.49 | NOTE | |||
r-patched-linux-x86_64 | 0.0.1 | 37.03 | 34.35 | 71.38 | OK | |
r-release-linux-x86_64 | 0.0.1 | 32.47 | 35.43 | 67.90 | OK | |
r-release-macos-arm64 | 0.0.1 | 33.00 | NOTE | |||
r-release-macos-x86_64 | 0.0.1 | 41.00 | NOTE | |||
r-release-windows-x86_64 | 0.0.1 | 44.00 | 87.00 | 131.00 | OK | |
r-oldrel-macos-arm64 | 0.0.1 | 42.00 | NOTE | |||
r-oldrel-macos-x86_64 | 0.0.1 | 57.00 | NOTE | |||
r-oldrel-windows-ix86+x86_64 | 0.0.1 | 95.00 | 85.00 | 180.00 | OK |
Version: 0.0.1
Check: dependencies in R code
Result: NOTE
Namespace in Imports field not imported from: ‘survival’
All declared Imports should be used.
Flavors: r-devel-linux-x86_64-fedora-clang, r-devel-linux-x86_64-fedora-gcc, r-release-macos-arm64, r-release-macos-x86_64, r-oldrel-macos-arm64, r-oldrel-macos-x86_64