CRAN Package Check Results for Package biganalytics

Last updated on 2023-06-11 01:53:28 CEST.

Flavor Version Tinstall Tcheck Ttotal Status Flags
r-devel-linux-x86_64-debian-clang 1.1.21 39.24 40.40 79.64 NOTE
r-devel-linux-x86_64-debian-gcc 1.1.21 34.98 31.68 66.66 NOTE
r-devel-linux-x86_64-fedora-clang 1.1.21 118.57 OK
r-devel-linux-x86_64-fedora-gcc 1.1.21 118.79 NOTE
r-devel-windows-x86_64 1.1.21 49.00 69.00 118.00 OK
r-patched-linux-x86_64 1.1.21 26.76 39.17 65.93 OK
r-release-linux-x86_64 1.1.21 29.21 39.60 68.81 OK
r-release-macos-arm64 1.1.21 35.00 OK
r-release-macos-x86_64 1.1.21 54.00 OK
r-release-windows-x86_64 1.1.21 60.00 77.00 137.00 OK
r-oldrel-macos-arm64 1.1.21 29.00 OK
r-oldrel-macos-x86_64 1.1.21 42.00 OK
r-oldrel-windows-x86_64 1.1.21 46.00 74.00 120.00 OK

Check Details

Version: 1.1.21
Check: package namespace information
Result: NOTE
    Found export directive that requires package ‘methods’:
     ‘exportMethods’
    Remove all such namespace directives (if obsolete) or ensure that the
    DESCRIPTION Depends or Imports field contains ‘methods’.
Flavors: r-devel-linux-x86_64-debian-clang, r-devel-linux-x86_64-debian-gcc, r-devel-linux-x86_64-fedora-gcc