Last updated on 2023-04-02 13:51:21 CEST.
Flavor | Version | Tinstall | Tcheck | Ttotal | Status | Flags |
---|---|---|---|---|---|---|
r-devel-linux-x86_64-debian-clang | 4.6.1 | 87.15 | 49.44 | 136.59 | OK | |
r-devel-linux-x86_64-debian-gcc | 4.6.1 | 76.78 | 38.10 | 114.88 | OK | |
r-devel-linux-x86_64-fedora-clang | 4.6.1 | 192.07 | OK | |||
r-devel-linux-x86_64-fedora-gcc | 4.6.1 | 187.68 | OK | |||
r-devel-windows-x86_64 | 4.6.1 | 132.00 | 115.00 | 247.00 | OK | |
r-patched-linux-x86_64 | 4.6.1 | 78.50 | 47.60 | 126.10 | OK | |
r-release-linux-x86_64 | 4.6.1 | 73.35 | 46.13 | 119.48 | OK | |
r-release-macos-arm64 | 4.6.1 | 52.00 | NOTE | |||
r-release-macos-x86_64 | 4.6.1 | 78.00 | NOTE | |||
r-release-windows-x86_64 | 4.6.1 | 143.00 | 116.00 | 259.00 | OK | |
r-oldrel-macos-arm64 | 4.6.1 | 49.00 | NOTE | |||
r-oldrel-macos-x86_64 | 4.6.1 | 67.00 | NOTE | |||
r-oldrel-windows-ix86+x86_64 | 4.6.1 | 207.00 | 115.00 | 322.00 | OK |
Version: 4.6.1
Check: installed package size
Result: NOTE
installed size is 7.2Mb
sub-directories of 1Mb or more:
libs 6.8Mb
Flavors: r-release-macos-arm64, r-release-macos-x86_64, r-oldrel-macos-arm64, r-oldrel-macos-x86_64