Last updated on 2023-03-25 19:53:58 CET.
Flavor | Version | Tinstall | Tcheck | Ttotal | Status | Flags |
---|---|---|---|---|---|---|
r-devel-linux-x86_64-debian-clang | 0.2.2 | 34.39 | 27.80 | 62.19 | NOTE | |
r-devel-linux-x86_64-debian-gcc | 0.2.2 | 25.74 | 21.88 | 47.62 | NOTE | |
r-devel-linux-x86_64-fedora-gcc | 0.2.2 | 78.22 | NOTE | |||
r-devel-windows-x86_64 | 0.2.2 | 40.00 | 79.00 | 119.00 | NOTE | |
r-patched-linux-x86_64 | 0.2.2 | 26.93 | 28.21 | 55.14 | NOTE | |
r-release-linux-x86_64 | 0.2.2 | 21.69 | 28.12 | 49.81 | NOTE | |
r-release-macos-arm64 | 0.2.2 | 26.00 | NOTE | |||
r-release-macos-x86_64 | 0.2.2 | 35.00 | NOTE | |||
r-release-windows-x86_64 | 0.2.2 | 37.00 | 79.00 | 116.00 | NOTE | |
r-oldrel-macos-arm64 | 0.2.2 | 32.00 | NOTE | |||
r-oldrel-macos-x86_64 | 0.2.2 | 47.00 | NOTE | |||
r-oldrel-windows-ix86+x86_64 | 0.2.2 | 77.00 | 87.00 | 164.00 | NOTE |
Version: 0.2.2
Check: LazyData
Result: NOTE
'LazyData' is specified without a 'data' directory
Flavors: r-devel-linux-x86_64-debian-clang, r-devel-linux-x86_64-debian-gcc, r-devel-linux-x86_64-fedora-gcc, r-devel-windows-x86_64, r-patched-linux-x86_64, r-release-linux-x86_64, r-release-macos-arm64, r-release-macos-x86_64, r-release-windows-x86_64, r-oldrel-macos-arm64, r-oldrel-macos-x86_64, r-oldrel-windows-ix86+x86_64