CRAN Package Check Results for Package bindrcpp

Last updated on 2021-12-02 00:49:04 CET.

Flavor Version Tinstall Tcheck Ttotal Status Flags
r-devel-linux-x86_64-debian-clang 0.2.2 29.47 25.57 55.04 NOTE
r-devel-linux-x86_64-debian-gcc 0.2.2 21.45 20.53 41.98 NOTE
r-devel-linux-x86_64-fedora-clang 0.2.2 96.46 NOTE
r-devel-linux-x86_64-fedora-gcc 0.2.2 71.58 NOTE
r-devel-windows-x86_64-new-UL 0.2.2 42.00 85.00 127.00 NOTE
r-devel-windows-x86_64-new-TK 0.2.2 NOTE
r-devel-windows-x86_64-old 0.2.2 38.00 48.00 86.00 NOTE
r-patched-linux-x86_64 0.2.2 27.89 24.43 52.32 NOTE
r-patched-solaris-x86 0.2.2 83.20 NOTE
r-release-linux-x86_64 0.2.2 26.04 24.86 50.90 NOTE
r-release-macos-arm64 0.2.2 NOTE
r-release-macos-x86_64 0.2.2 NOTE
r-release-windows-ix86+x86_64 0.2.2 77.00 67.00 144.00 NOTE
r-oldrel-macos-x86_64 0.2.2 OK
r-oldrel-windows-ix86+x86_64 0.2.2 73.00 69.00 142.00 OK

Check Details

Version: 0.2.2
Check: LazyData
Result: NOTE
     'LazyData' is specified without a 'data' directory
Flavors: r-devel-linux-x86_64-debian-clang, r-devel-linux-x86_64-debian-gcc, r-devel-linux-x86_64-fedora-clang, r-devel-linux-x86_64-fedora-gcc, r-devel-windows-x86_64-new-UL, r-devel-windows-x86_64-new-TK, r-devel-windows-x86_64-old, r-patched-linux-x86_64, r-patched-solaris-x86, r-release-linux-x86_64, r-release-macos-arm64, r-release-macos-x86_64, r-release-windows-ix86+x86_64