Last updated on 2023-05-31 08:57:49 CEST.
Flavor | Version | Tinstall | Tcheck | Ttotal | Status | Flags |
---|---|---|---|---|---|---|
r-devel-linux-x86_64-debian-clang | 0.6.2 | 43.63 | 605.18 | 648.81 | OK | |
r-devel-linux-x86_64-debian-gcc | 0.6.2 | 37.12 | 450.64 | 487.76 | OK | |
r-devel-linux-x86_64-fedora-clang | 0.6.2 | 801.55 | NOTE | |||
r-devel-linux-x86_64-fedora-gcc | 0.6.2 | 845.04 | OK | |||
r-devel-windows-x86_64 | 0.6.2 | 40.00 | 467.00 | 507.00 | NOTE | |
r-patched-linux-x86_64 | 0.6.2 | 48.98 | 577.21 | 626.19 | OK | |
r-release-linux-x86_64 | 0.6.2 | 41.33 | 572.27 | 613.60 | OK | |
r-release-macos-arm64 | 0.6.2 | 6.00 | ERROR | |||
r-release-macos-x86_64 | 0.6.2 | 8.00 | ERROR | |||
r-release-windows-x86_64 | 0.6.2 | 54.00 | 610.00 | 664.00 | NOTE | |
r-oldrel-macos-arm64 | 0.6.2 | 205.00 | NOTE | |||
r-oldrel-macos-x86_64 | 0.6.2 | 293.00 | NOTE | |||
r-oldrel-windows-x86_64 | 0.6.2 | 55.00 | 580.00 | 635.00 | NOTE |
Version: 0.6.2
Check: installed package size
Result: NOTE
installed size is 5.2Mb
sub-directories of 1Mb or more:
data 1.6Mb
extdata 1.7Mb
Flavors: r-devel-linux-x86_64-fedora-clang, r-devel-windows-x86_64, r-release-windows-x86_64, r-oldrel-macos-arm64, r-oldrel-macos-x86_64, r-oldrel-windows-x86_64
Version: 0.6.2
Check: package dependencies
Result: ERROR
Package required but not available: ‘rhdf5’
See section ‘The DESCRIPTION file’ in the ‘Writing R Extensions’
manual.
Flavors: r-release-macos-arm64, r-release-macos-x86_64