Last updated on 2023-09-30 01:49:51 CEST.
Flavor | Version | Tinstall | Tcheck | Ttotal | Status | Flags |
---|---|---|---|---|---|---|
r-devel-linux-x86_64-debian-clang | 1.0 | 44.24 | 359.41 | 403.65 | NOTE | |
r-devel-linux-x86_64-debian-gcc | 1.0 | 36.11 | 268.98 | 305.09 | NOTE | |
r-devel-linux-x86_64-fedora-clang | 1.0 | 488.82 | NOTE | |||
r-devel-linux-x86_64-fedora-gcc | 1.0 | 493.40 | NOTE | |||
r-devel-windows-x86_64 | 1.0 | 36.00 | 262.00 | 298.00 | OK | |
r-patched-linux-x86_64 | 1.0 | 43.23 | 353.18 | 396.41 | NOTE | |
r-release-linux-x86_64 | 1.0 | 44.77 | 355.91 | 400.68 | NOTE | |
r-release-macos-arm64 | 1.0 | 120.00 | OK | |||
r-release-macos-x86_64 | 1.0 | 219.00 | OK | |||
r-release-windows-x86_64 | 1.0 | 47.00 | 351.00 | 398.00 | OK | |
r-oldrel-macos-arm64 | 1.0 | 97.00 | OK | |||
r-oldrel-macos-x86_64 | 1.0 | 133.00 | OK | |||
r-oldrel-windows-x86_64 | 1.0 | 46.00 | 343.00 | 389.00 | OK |
Version: 1.0
Check: for non-standard things in the check directory
Result: NOTE
Found the following files/directories:
‘pointshape.dbf’ ‘pointshape.shp’ ‘pointshape.shx’
Flavors: r-devel-linux-x86_64-debian-clang, r-devel-linux-x86_64-debian-gcc, r-devel-linux-x86_64-fedora-clang, r-devel-linux-x86_64-fedora-gcc, r-patched-linux-x86_64, r-release-linux-x86_64