Last updated on 2023-06-08 04:54:45 CEST.
Flavor | Version | Tinstall | Tcheck | Ttotal | Status | Flags |
---|---|---|---|---|---|---|
r-devel-linux-x86_64-debian-clang | 1.1.2 | 19.06 | 233.99 | 253.05 | NOTE | |
r-devel-linux-x86_64-debian-gcc | 1.1.2 | 14.29 | 170.77 | 185.06 | NOTE | |
r-devel-linux-x86_64-fedora-clang | 1.1.2 | 318.36 | NOTE | |||
r-devel-linux-x86_64-fedora-gcc | 1.1.2 | 305.87 | NOTE | |||
r-devel-windows-x86_64 | 1.1.2 | 18.00 | 149.00 | 167.00 | NOTE | |
r-patched-linux-x86_64 | 1.1.2 | 20.37 | 212.01 | 232.38 | NOTE | |
r-release-linux-x86_64 | 1.1.2 | 20.17 | 215.07 | 235.24 | NOTE | |
r-release-macos-arm64 | 1.1.2 | 78.00 | NOTE | |||
r-release-macos-x86_64 | 1.1.2 | 124.00 | NOTE | |||
r-release-windows-x86_64 | 1.1.2 | 22.00 | 190.00 | 212.00 | NOTE | |
r-oldrel-macos-arm64 | 1.1.2 | 71.00 | NOTE | |||
r-oldrel-macos-x86_64 | 1.1.2 | 92.00 | NOTE | |||
r-oldrel-windows-x86_64 | 1.1.2 | 21.00 | 189.00 | 210.00 | NOTE |
Version: 1.1.2
Check: package dependencies
Result: NOTE
Package which this enhances but not available for checking: ‘asreml’
Flavors: r-devel-linux-x86_64-debian-clang, r-devel-linux-x86_64-debian-gcc, r-devel-linux-x86_64-fedora-clang, r-devel-linux-x86_64-fedora-gcc, r-devel-windows-x86_64, r-patched-linux-x86_64, r-release-linux-x86_64, r-release-macos-arm64, r-release-windows-x86_64, r-oldrel-macos-arm64, r-oldrel-macos-x86_64, r-oldrel-windows-x86_64
Version: 1.1.2
Check: package dependencies
Result: NOTE
Packages which this enhances but not available for checking:
'asreml', 'ARTool'
Flavor: r-release-macos-x86_64