Last updated on 2025-01-24 12:48:39 CET.
Flavor | Version | Tinstall | Tcheck | Ttotal | Status | Flags |
---|---|---|---|---|---|---|
r-devel-linux-x86_64-debian-clang | 1.0.2 | 6.98 | 60.39 | 67.37 | NOTE | |
r-devel-linux-x86_64-debian-gcc | 1.0.2 | 4.73 | 41.34 | 46.07 | NOTE | |
r-devel-linux-x86_64-fedora-clang | 1.0.2 | 105.85 | OK | |||
r-devel-linux-x86_64-fedora-gcc | 1.0.2 | 98.15 | OK | |||
r-devel-windows-x86_64 | 1.0.2 | 8.00 | 73.00 | 81.00 | OK | |
r-patched-linux-x86_64 | 1.0.2 | 6.14 | 56.58 | 62.72 | OK | |
r-release-linux-x86_64 | 1.0.2 | 6.24 | 55.20 | 61.44 | OK | |
r-release-macos-arm64 | 1.0.2 | 34.00 | OK | |||
r-release-macos-x86_64 | 1.0.2 | 55.00 | OK | |||
r-release-windows-x86_64 | 1.0.2 | 8.00 | 75.00 | 83.00 | OK | |
r-oldrel-macos-arm64 | 1.0.2 | 43.00 | OK | |||
r-oldrel-macos-x86_64 | 1.0.2 | 63.00 | OK | |||
r-oldrel-windows-x86_64 | 1.0.2 | 10.00 | 85.00 | 95.00 | OK |
Version: 1.0.2
Check: DESCRIPTION meta-information
Result: NOTE
Missing dependency on R >= 4.1.0 because package code uses the pipe
|> or function shorthand \(...) syntax added in R 4.1.0.
File(s) using such syntax:
‘PCAbiplot_Helper.R’ ‘TDAbiplot.R’ ‘TDAbiplot_helper.R’
‘insertAxDeets.R’ ‘insertDataTable.R’
Flavors: r-devel-linux-x86_64-debian-clang, r-devel-linux-x86_64-debian-gcc