Last updated on 2023-03-23 07:54:21 CET.
Flavor | Version | Tinstall | Tcheck | Ttotal | Status | Flags |
---|---|---|---|---|---|---|
r-devel-linux-x86_64-debian-clang | 1.0.2 | 129.88 | 45.88 | 175.76 | NOTE | |
r-devel-linux-x86_64-debian-gcc | 1.0.2 | 103.74 | 35.58 | 139.32 | NOTE | |
r-devel-linux-x86_64-fedora-clang | 1.0.2 | 286.42 | NOTE | |||
r-devel-linux-x86_64-fedora-gcc | 1.0.2 | 243.01 | NOTE | |||
r-devel-windows-x86_64 | 1.0.2 | 122.00 | 99.00 | 221.00 | NOTE | |
r-patched-linux-x86_64 | 1.0.2 | 117.43 | 43.87 | 161.30 | OK | |
r-release-linux-x86_64 | 1.0.2 | 109.63 | 45.03 | 154.66 | OK | |
r-release-macos-arm64 | 1.0.2 | 60.00 | NOTE | |||
r-release-macos-x86_64 | 1.0.2 | 77.00 | NOTE | |||
r-release-windows-x86_64 | 1.0.2 | 109.00 | 139.00 | 248.00 | OK | |
r-oldrel-macos-arm64 | 1.0.2 | 59.00 | NOTE | |||
r-oldrel-macos-x86_64 | 1.0.2 | 108.00 | NOTE | |||
r-oldrel-windows-ix86+x86_64 | 1.0.2 | 343.00 | 109.00 | 452.00 | OK |
Version: 1.0.2
Check: C++ specification
Result: NOTE
Specified C++11: please drop specification unless essential
Flavors: r-devel-linux-x86_64-debian-clang, r-devel-linux-x86_64-debian-gcc, r-devel-linux-x86_64-fedora-clang, r-devel-linux-x86_64-fedora-gcc, r-devel-windows-x86_64
Version: 1.0.2
Check: installed package size
Result: NOTE
installed size is 6.6Mb
sub-directories of 1Mb or more:
libs 6.5Mb
Flavors: r-release-macos-arm64, r-release-macos-x86_64, r-oldrel-macos-arm64, r-oldrel-macos-x86_64