Last updated on 2023-12-11 07:49:24 CET.
Flavor | Version | Tinstall | Tcheck | Ttotal | Status | Flags |
---|---|---|---|---|---|---|
r-devel-linux-x86_64-debian-clang | 4.0.5 | 17.11 | 61.59 | 78.70 | NOTE | |
r-devel-linux-x86_64-debian-gcc | 4.0.5 | 13.21 | 47.15 | 60.36 | NOTE | |
r-devel-linux-x86_64-fedora-clang | 4.0.5 | 98.41 | OK | |||
r-devel-linux-x86_64-fedora-gcc | 4.0.5 | 95.68 | OK | |||
r-devel-windows-x86_64 | 4.0.5 | 19.00 | 80.00 | 99.00 | OK | |
r-patched-linux-x86_64 | 4.0.5 | 17.72 | 61.29 | 79.01 | OK | |
r-release-linux-x86_64 | 4.0.5 | 14.58 | 60.44 | 75.02 | OK | |
r-release-macos-arm64 | 4.0.5 | 32.00 | OK | |||
r-release-macos-x86_64 | 4.0.5 | 39.00 | OK | |||
r-release-windows-x86_64 | 4.0.5 | 21.00 | 88.00 | 109.00 | OK | |
r-oldrel-macos-arm64 | 4.0.5 | 30.00 | OK | |||
r-oldrel-macos-x86_64 | 4.0.5 | 43.00 | OK | |||
r-oldrel-windows-x86_64 | 4.0.5 | 21.00 | 85.00 | 106.00 | OK |
Version: 4.0.5
Check: Rd files
Result: NOTE
checkRd: (-1) keypos.rd:27: Lost braces
27 | an integer vector of the same length as code{x} containing positions relativ to code{sort(unique(x), na.last=FALSE)}
| ^
checkRd: (-1) keypos.rd:27: Lost braces
27 | an integer vector of the same length as code{x} containing positions relativ to code{sort(unique(x), na.last=FALSE)}
| ^
Flavors: r-devel-linux-x86_64-debian-clang, r-devel-linux-x86_64-debian-gcc