CRAN Package Check Results for Package blackbox

Last updated on 2023-03-21 11:53:43 CET.

Flavor Version Tinstall Tcheck Ttotal Status Flags
r-devel-linux-x86_64-debian-clang 1.1.32 72.20 134.24 206.44 NOTE
r-devel-linux-x86_64-debian-gcc 1.1.32 55.45 102.69 158.14 NOTE
r-devel-linux-x86_64-fedora-clang 1.1.32 278.99 NOTE
r-devel-linux-x86_64-fedora-gcc 1.1.32 259.03 NOTE
r-devel-windows-x86_64 1.1.32 102.00 182.00 284.00 NOTE
r-patched-linux-x86_64 1.1.32 62.40 124.72 187.12 NOTE
r-release-linux-x86_64 1.1.32 60.23 123.26 183.49 NOTE
r-release-macos-arm64 1.1.32 68.00 NOTE
r-release-macos-x86_64 1.1.32 107.00 NOTE
r-release-windows-x86_64 1.1.32 95.00 179.00 274.00 NOTE
r-oldrel-macos-arm64 1.1.32 68.00 NOTE
r-oldrel-macos-x86_64 1.1.32 122.00 NOTE
r-oldrel-windows-ix86+x86_64 1.1.32 154.00 190.00 344.00 NOTE

Check Details

Version: 1.1.32
Check: LazyData
Result: NOTE
     'LazyData' is specified without a 'data' directory
Flavors: r-devel-linux-x86_64-debian-clang, r-devel-linux-x86_64-debian-gcc, r-devel-linux-x86_64-fedora-clang, r-devel-linux-x86_64-fedora-gcc, r-devel-windows-x86_64, r-patched-linux-x86_64, r-release-linux-x86_64, r-release-macos-arm64, r-release-macos-x86_64, r-release-windows-x86_64, r-oldrel-macos-arm64, r-oldrel-macos-x86_64, r-oldrel-windows-ix86+x86_64

Version: 1.1.32
Check: installed package size
Result: NOTE
     installed size is 7.2Mb
     sub-directories of 1Mb or more:
     libs 6.6Mb
Flavors: r-release-macos-arm64, r-release-macos-x86_64, r-oldrel-macos-arm64, r-oldrel-macos-x86_64