CRAN Package Check Results for Package blockCV

Last updated on 2021-12-04 16:50:13 CET.

Flavor Version Tinstall Tcheck Ttotal Status Flags
r-devel-linux-x86_64-debian-clang 2.1.4 24.99 327.20 352.19 OK
r-devel-linux-x86_64-debian-gcc 2.1.4 24.11 245.47 269.58 OK
r-devel-linux-x86_64-fedora-clang 2.1.4 420.06 NOTE
r-devel-linux-x86_64-fedora-gcc 2.1.4 413.31 OK
r-devel-windows-x86_64-new-UL 2.1.4 45.00 386.00 431.00 NOTE
r-devel-windows-x86_64-new-TK 2.1.4 OK
r-devel-windows-x86_64-old 2.1.4 42.00 273.00 315.00 NOTE
r-patched-linux-x86_64 2.1.4 22.54 304.60 327.14 OK
r-release-linux-x86_64 2.1.4 28.41 304.34 332.75 OK
r-release-macos-arm64 2.1.4 NOTE
r-release-macos-x86_64 2.1.4 NOTE
r-release-windows-ix86+x86_64 2.1.4 65.00 360.00 425.00 NOTE
r-oldrel-macos-x86_64 2.1.4 NOTE
r-oldrel-windows-ix86+x86_64 2.1.4 66.00 365.00 431.00 NOTE

Check Details

Version: 2.1.4
Check: installed package size
Result: NOTE
     installed size is 8.7Mb
     sub-directories of 1Mb or more:
     extdata 7.8Mb
Flavors: r-devel-linux-x86_64-fedora-clang, r-devel-windows-x86_64-new-UL, r-devel-windows-x86_64-old, r-release-macos-arm64, r-release-macos-x86_64, r-release-windows-ix86+x86_64, r-oldrel-macos-x86_64, r-oldrel-windows-ix86+x86_64

Version: 2.1.4
Check: Rd cross-references
Result: NOTE
    Undeclared packages ‘biomod2’, ‘gstat’ in Rd xrefs
Flavor: r-devel-linux-x86_64-fedora-clang