Last updated on 2023-03-23 07:54:21 CET.
Flavor | Version | Tinstall | Tcheck | Ttotal | Status | Flags |
---|---|---|---|---|---|---|
r-devel-linux-x86_64-debian-clang | 0.2.5 | 100.82 | 116.31 | 217.13 | NOTE | |
r-devel-linux-x86_64-debian-gcc | 0.2.5 | 81.25 | 90.77 | 172.02 | NOTE | |
r-devel-linux-x86_64-fedora-clang | 0.2.5 | 326.11 | NOTE | |||
r-devel-linux-x86_64-fedora-gcc | 0.2.5 | 277.39 | NOTE | |||
r-devel-windows-x86_64 | 0.2.5 | 129.00 | 170.00 | 299.00 | NOTE | |
r-patched-linux-x86_64 | 0.2.5 | 82.70 | 111.19 | 193.89 | OK | |
r-release-linux-x86_64 | 0.2.5 | 79.32 | 109.24 | 188.56 | OK | |
r-release-macos-arm64 | 0.2.5 | 74.00 | NOTE | |||
r-release-macos-x86_64 | 0.2.5 | 96.00 | NOTE | |||
r-release-windows-x86_64 | 0.2.5 | 118.00 | 182.00 | 300.00 | OK | |
r-oldrel-macos-arm64 | 0.2.5 | 68.00 | NOTE | |||
r-oldrel-macos-x86_64 | 0.2.5 | 95.00 | NOTE | |||
r-oldrel-windows-ix86+x86_64 | 0.2.5 | 243.00 | 203.00 | 446.00 | OK |
Version: 0.2.5
Check: C++ specification
Result: NOTE
Specified C++11: please drop specification unless essential
Flavors: r-devel-linux-x86_64-debian-clang, r-devel-linux-x86_64-debian-gcc, r-devel-linux-x86_64-fedora-clang, r-devel-linux-x86_64-fedora-gcc, r-devel-windows-x86_64
Version: 0.2.5
Check: installed package size
Result: NOTE
installed size is 6.7Mb
sub-directories of 1Mb or more:
libs 6.4Mb
Flavors: r-release-macos-arm64, r-release-macos-x86_64, r-oldrel-macos-arm64, r-oldrel-macos-x86_64