Last updated on 2022-05-22 09:52:12 CEST.
Flavor | Version | Tinstall | Tcheck | Ttotal | Status | Flags |
---|---|---|---|---|---|---|
r-devel-linux-x86_64-debian-clang | 0.1.2 | 48.50 | 39.55 | 88.05 | OK | |
r-devel-linux-x86_64-debian-gcc | 0.1.2 | 41.07 | 30.71 | 71.78 | WARN | |
r-devel-linux-x86_64-fedora-clang | 0.1.2 | 127.07 | OK | |||
r-devel-linux-x86_64-fedora-gcc | 0.1.2 | 116.65 | OK | |||
r-devel-windows-x86_64 | 0.1.2 | 59.00 | 76.00 | 135.00 | OK | |
r-patched-linux-x86_64 | 0.1.2 | 44.26 | 38.55 | 82.81 | OK | |
r-release-linux-x86_64 | 0.1.2 | 41.22 | 39.09 | 80.31 | OK | |
r-release-macos-arm64 | 0.1.2 | 31.00 | OK | |||
r-release-macos-x86_64 | 0.1.2 | 40.00 | OK | |||
r-release-windows-x86_64 | 0.1.2 | 54.00 | 79.00 | 133.00 | OK | |
r-oldrel-macos-arm64 | 0.1.2 | 32.00 | OK | |||
r-oldrel-macos-x86_64 | 0.1.2 | 39.00 | OK | |||
r-oldrel-windows-ix86+x86_64 | 0.1.2 | 123.00 | 83.00 | 206.00 | OK |
Version: 0.1.2
Check: whether package can be installed
Result: WARN
Found the following significant warnings:
/usr/include/x86_64-linux-gnu/bits/string_fortified.h:59:33: warning: ‘void* __builtin_memset(void*, int, long unsigned int)’ forming offset [176, 183] is out of the bounds [0, 176] of object ‘nMaxCritMet’ with type ‘arma::rowvec’ {aka ‘arma::Row<double>’} [-Warray-bounds]
Flavor: r-devel-linux-x86_64-debian-gcc