CRAN Package Check Results for Package bmixture

Last updated on 2021-09-19 04:52:49 CEST.

Flavor Version Tinstall Tcheck Ttotal Status Flags
r-devel-linux-x86_64-debian-clang 1.7 9.95 30.20 40.15 OK
r-devel-linux-x86_64-debian-gcc 1.7 6.37 23.63 30.00 OK
r-devel-linux-x86_64-fedora-clang 1.7 61.31 OK
r-devel-linux-x86_64-fedora-gcc 1.7 46.76 OK
r-devel-windows-x86_64 1.7 10.00 47.00 57.00 OK
r-devel-windows-x86_64-gcc10-UCRT 1.7 ERROR
r-patched-linux-x86_64 1.7 9.15 29.09 38.24 OK
r-patched-solaris-x86 1.7 66.80 OK
r-release-linux-x86_64 1.7 8.81 29.34 38.15 OK
r-release-macos-arm64 1.7 OK
r-release-macos-x86_64 1.7 OK
r-release-windows-ix86+x86_64 1.7 21.00 49.00 70.00 OK
r-oldrel-macos-x86_64 1.7 OK
r-oldrel-windows-ix86+x86_64 1.7 20.00 44.00 64.00 OK

Check Details

Version: 1.7
Check: whether package can be installed
Result: ERROR
    Installation failed.
Flavor: r-devel-windows-x86_64-gcc10-UCRT