Last updated on 2023-03-20 11:53:41 CET.
Flavor | Version | Tinstall | Tcheck | Ttotal | Status | Flags |
---|---|---|---|---|---|---|
r-devel-linux-x86_64-debian-clang | 0.3.0 | NOTE | ||||
r-devel-linux-x86_64-debian-gcc | 0.3.0 | 392.42 | 399.45 | 791.87 | NOTE | |
r-devel-linux-x86_64-fedora-clang | 0.3.0 | 1625.99 | NOTE | |||
r-devel-linux-x86_64-fedora-gcc | 0.3.0 | 1361.38 | NOTE | |||
r-devel-windows-x86_64 | 0.3.0 | 433.00 | 606.00 | 1039.00 | NOTE | |
r-patched-linux-x86_64 | 0.3.0 | 355.69 | 489.33 | 845.02 | NOTE | |
r-release-linux-x86_64 | 0.3.0 | 351.89 | 492.03 | 843.92 | NOTE | |
r-release-macos-arm64 | 0.3.0 | 370.00 | NOTE | |||
r-release-macos-x86_64 | 0.3.0 | 521.00 | NOTE | |||
r-release-windows-x86_64 | 0.3.0 | 334.00 | 585.00 | 919.00 | NOTE | |
r-oldrel-macos-arm64 | 0.3.0 | 345.00 | NOTE | |||
r-oldrel-macos-x86_64 | 0.3.0 | 509.00 | NOTE | |||
r-oldrel-windows-ix86+x86_64 | 0.3.0 | 760.00 | 707.00 | 1467.00 | NOTE |
Version: 0.3.0
Check: package dependencies
Result: NOTE
Package suggested but not available for checking: ‘INLA’
Flavors: r-devel-linux-x86_64-debian-clang, r-devel-linux-x86_64-debian-gcc, r-devel-windows-x86_64, r-patched-linux-x86_64, r-release-linux-x86_64, r-release-macos-arm64, r-release-macos-x86_64, r-release-windows-x86_64, r-oldrel-macos-arm64, r-oldrel-macos-x86_64
Version: 0.3.0
Check: C++ specification
Result: NOTE
Specified C++14: please drop specification unless essential
Flavors: r-devel-linux-x86_64-debian-clang, r-devel-linux-x86_64-debian-gcc, r-devel-linux-x86_64-fedora-clang, r-devel-linux-x86_64-fedora-gcc, r-devel-windows-x86_64
Version: 0.3.0
Check: for GNU extensions in Makefiles
Result: NOTE
GNU make is a SystemRequirements.
Flavors: r-devel-linux-x86_64-debian-clang, r-devel-linux-x86_64-debian-gcc, r-devel-linux-x86_64-fedora-clang, r-devel-linux-x86_64-fedora-gcc, r-devel-windows-x86_64, r-patched-linux-x86_64, r-release-linux-x86_64, r-release-macos-arm64, r-release-macos-x86_64, r-release-windows-x86_64, r-oldrel-macos-arm64, r-oldrel-macos-x86_64, r-oldrel-windows-ix86+x86_64
Version: 0.3.0
Check: installed package size
Result: NOTE
installed size is 12.6Mb
sub-directories of 1Mb or more:
doc 4.6Mb
libs 5.3Mb
Flavors: r-devel-linux-x86_64-fedora-clang, r-devel-windows-x86_64, r-release-macos-arm64, r-release-macos-x86_64, r-release-windows-x86_64, r-oldrel-macos-arm64, r-oldrel-macos-x86_64, r-oldrel-windows-ix86+x86_64