CRAN Package Check Results for Package bndovb

Last updated on 2023-12-07 07:50:25 CET.

Flavor Version Tinstall Tcheck Ttotal Status Flags
r-devel-linux-x86_64-debian-clang 1.1 11.19 96.65 107.84 OK
r-devel-linux-x86_64-debian-gcc 1.1 8.67 73.94 82.61 OK
r-devel-linux-x86_64-fedora-clang 1.1 134.31 NOTE
r-devel-linux-x86_64-fedora-gcc 1.1 144.64 NOTE
r-devel-windows-x86_64 1.1 10.00 87.00 97.00 OK
r-patched-linux-x86_64 1.1 11.66 96.72 108.38 OK
r-release-linux-x86_64 1.1 9.60 96.00 105.60 OK
r-release-macos-arm64 1.1 48.00 OK
r-release-macos-x86_64 1.1 72.00 OK
r-release-windows-x86_64 1.1 13.00 106.00 119.00 OK
r-oldrel-macos-arm64 1.1 62.00 NOTE
r-oldrel-macos-x86_64 1.1 69.00 NOTE
r-oldrel-windows-x86_64 1.1 13.00 108.00 121.00 OK

Check Details

Version: 1.1
Check: dependencies in R code
Result: NOTE Namespace in Imports field not imported from: ‘dplyr’ All declared Imports should be used. Flavors: r-devel-linux-x86_64-fedora-clang, r-devel-linux-x86_64-fedora-gcc, r-oldrel-macos-arm64, r-oldrel-macos-x86_64