CRAN Package Check Results for Package bndovb

Last updated on 2021-11-30 23:51:33 CET.

Flavor Version Tinstall Tcheck Ttotal Status Flags
r-devel-linux-x86_64-debian-clang 1.1 17.57 144.70 162.27 OK
r-devel-linux-x86_64-debian-gcc 1.1 14.98 123.35 138.33 OK
r-devel-linux-x86_64-fedora-clang 1.1 206.09 NOTE
r-devel-linux-x86_64-fedora-gcc 1.1 188.71 NOTE
r-devel-windows-x86_64-new-UL 1.1 29.00 187.00 216.00 OK
r-devel-windows-x86_64-new-TK 1.1 NOTE
r-devel-windows-x86_64-old 1.1 26.00 121.00 147.00 OK
r-patched-linux-x86_64 1.1 15.40 135.81 151.21 OK
r-patched-solaris-x86 1.1 163.60 NOTE
r-release-linux-x86_64 1.1 16.69 134.18 150.87 OK
r-release-macos-arm64 1.1 NOTE
r-release-macos-x86_64 1.1 NOTE
r-release-windows-ix86+x86_64 1.1 38.00 166.00 204.00 OK
r-oldrel-macos-x86_64 1.1 NOTE
r-oldrel-windows-ix86+x86_64 1.1 29.00 149.00 178.00 OK

Check Details

Version: 1.1
Check: dependencies in R code
Result: NOTE
    Namespace in Imports field not imported from: ‘dplyr’
     All declared Imports should be used.
Flavors: r-devel-linux-x86_64-fedora-clang, r-devel-linux-x86_64-fedora-gcc, r-devel-windows-x86_64-new-TK, r-patched-solaris-x86, r-release-macos-arm64, r-release-macos-x86_64, r-oldrel-macos-x86_64