CRAN Package Check Results for Package bnpa

Last updated on 2024-02-22 11:50:30 CET.

Flavor Version Tinstall Tcheck Ttotal Status Flags
r-devel-linux-x86_64-debian-clang 0.3.0 OK
r-devel-linux-x86_64-debian-gcc 0.3.0 2.68 31.96 34.64 OK
r-devel-linux-x86_64-fedora-clang 0.3.0 57.40 NOTE
r-devel-linux-x86_64-fedora-gcc 0.3.0 54.73 NOTE
r-devel-windows-x86_64 0.3.0 5.00 55.00 60.00 OK
r-patched-linux-x86_64 0.3.0 3.81 41.13 44.94 OK
r-release-linux-x86_64 0.3.0 2.90 41.81 44.71 OK
r-release-macos-arm64 0.3.0 22.00 OK
r-release-macos-x86_64 0.3.0 28.00 OK
r-release-windows-x86_64 0.3.0 6.00 60.00 66.00 OK
r-oldrel-macos-arm64 0.3.0 22.00 NOTE
r-oldrel-windows-x86_64 0.3.0 7.00 60.00 67.00 OK

Check Details

Version: 0.3.0
Check: dependencies in R code
Result: NOTE Namespaces in Imports field not imported from: ‘Rgraphviz’ ‘fastDummies’ All declared Imports should be used. Flavors: r-devel-linux-x86_64-fedora-clang, r-devel-linux-x86_64-fedora-gcc, r-oldrel-macos-arm64