CRAN Package Check Results for Package bootstrapFP

Last updated on 2021-10-16 13:03:50 CEST.

Flavor Version Tinstall Tcheck Ttotal Status Flags
r-devel-linux-x86_64-debian-clang 0.4.4 2.88 24.14 27.02 NOTE
r-devel-linux-x86_64-debian-gcc 0.4.4 2.16 19.13 21.29 NOTE
r-devel-linux-x86_64-fedora-clang 0.4.4 42.77 NOTE
r-devel-linux-x86_64-fedora-gcc 0.4.4 31.87 NOTE
r-devel-windows-x86_64 0.4.4 5.00 29.00 34.00 NOTE
r-devel-windows-x86_64-gcc10-UCRT 0.4.4 NOTE
r-patched-linux-x86_64 0.4.4 2.84 23.89 26.73 NOTE
r-patched-solaris-x86 0.4.4 48.90 NOTE
r-release-linux-x86_64 0.4.4 2.64 23.63 26.27 NOTE
r-release-macos-arm64 0.4.4 NOTE
r-release-macos-x86_64 0.4.4 NOTE
r-release-windows-ix86+x86_64 0.4.4 8.00 42.00 50.00 NOTE
r-oldrel-macos-x86_64 0.4.4 OK
r-oldrel-windows-ix86+x86_64 0.4.4 7.00 40.00 47.00 OK

Check Details

Version: 0.4.4
Check: LazyData
Result: NOTE
     'LazyData' is specified without a 'data' directory
Flavors: r-devel-linux-x86_64-debian-clang, r-devel-linux-x86_64-debian-gcc, r-devel-linux-x86_64-fedora-clang, r-devel-linux-x86_64-fedora-gcc, r-devel-windows-x86_64, r-devel-windows-x86_64-gcc10-UCRT, r-patched-linux-x86_64, r-patched-solaris-x86, r-release-linux-x86_64, r-release-macos-arm64, r-release-macos-x86_64, r-release-windows-ix86+x86_64